Last updated on 2025-01-18 06:48:20 CET.
Flavor | Version | Tinstall | Tcheck | Ttotal | Status | Flags |
---|---|---|---|---|---|---|
r-devel-linux-x86_64-debian-clang | 0.2.3 | 14.39 | 84.69 | 99.08 | NOTE | |
r-devel-linux-x86_64-debian-gcc | 0.2.3 | 8.80 | 58.99 | 67.79 | NOTE | |
r-devel-linux-x86_64-fedora-clang | 0.2.3 | 151.09 | NOTE | |||
r-devel-linux-x86_64-fedora-gcc | 0.2.3 | 142.97 | NOTE | |||
r-devel-windows-x86_64 | 0.2.3 | 15.00 | 101.00 | 116.00 | NOTE | |
r-patched-linux-x86_64 | 0.2.3 | 11.65 | 76.31 | 87.96 | NOTE | |
r-release-linux-x86_64 | 0.2.3 | 13.66 | 76.87 | 90.53 | NOTE | |
r-release-macos-arm64 | 0.2.3 | 46.00 | NOTE | |||
r-release-macos-x86_64 | 0.2.3 | 71.00 | NOTE | |||
r-release-windows-x86_64 | 0.2.3 | 14.00 | 105.00 | 119.00 | NOTE | |
r-oldrel-macos-arm64 | 0.2.3 | 47.00 | OK | |||
r-oldrel-macos-x86_64 | 0.2.3 | 92.00 | NOTE | |||
r-oldrel-windows-x86_64 | 0.2.3 | 20.00 | 123.00 | 143.00 | OK |
Version: 0.2.3
Check: Rd files
Result: NOTE
checkRd: (-1) momento.central.Rd:12: Lost braces; missing escapes or markup?
12 | \item{orden}{Es un valor numérico que representa el orden del momento central (orden = {1,2,3,4,...})}
| ^
Flavors: r-devel-linux-x86_64-debian-clang, r-devel-linux-x86_64-debian-gcc, r-devel-linux-x86_64-fedora-clang, r-devel-linux-x86_64-fedora-gcc, r-devel-windows-x86_64, r-patched-linux-x86_64, r-release-linux-x86_64, r-release-macos-arm64, r-release-macos-x86_64, r-release-windows-x86_64
Version: 0.2.3
Check: installed package size
Result: NOTE
installed size is 5.3Mb
sub-directories of 1Mb or more:
data 3.4Mb
help 1.5Mb
Flavor: r-oldrel-macos-x86_64