CRAN Package Check Results for Package essurvey

Last updated on 2021-09-25 01:50:16 CEST.

Flavor Version Tinstall Tcheck Ttotal Status Flags
r-devel-linux-x86_64-debian-clang 1.0.7 2.86 30.12 32.98 NOTE
r-devel-linux-x86_64-debian-gcc 1.0.7 2.16 23.97 26.13 NOTE
r-devel-linux-x86_64-fedora-clang 1.0.7 49.23 NOTE
r-devel-linux-x86_64-fedora-gcc 1.0.7 38.60 NOTE
r-devel-windows-x86_64 1.0.7 4.00 38.00 42.00 NOTE
r-devel-windows-x86_64-gcc10-UCRT 1.0.7 NOTE
r-patched-linux-x86_64 1.0.7 3.08 29.20 32.28 NOTE
r-patched-solaris-x86 1.0.7 59.20 NOTE
r-release-linux-x86_64 1.0.7 2.60 29.39 31.99 NOTE
r-release-macos-arm64 1.0.7 NOTE
r-release-macos-x86_64 1.0.7 NOTE
r-release-windows-ix86+x86_64 1.0.7 6.00 36.00 42.00 NOTE
r-oldrel-macos-x86_64 1.0.7 OK
r-oldrel-windows-ix86+x86_64 1.0.7 5.00 35.00 40.00 OK

Check Details

Version: 1.0.7
Check: LazyData
Result: NOTE
     'LazyData' is specified without a 'data' directory
Flavors: r-devel-linux-x86_64-debian-clang, r-devel-linux-x86_64-debian-gcc, r-devel-linux-x86_64-fedora-clang, r-devel-linux-x86_64-fedora-gcc, r-devel-windows-x86_64, r-devel-windows-x86_64-gcc10-UCRT, r-patched-linux-x86_64, r-patched-solaris-x86, r-release-linux-x86_64, r-release-macos-arm64, r-release-macos-x86_64, r-release-windows-ix86+x86_64