CRAN Package Check Results for Package es.dif

Last updated on 2024-03-01 06:52:40 CET.

Flavor Version Tinstall Tcheck Ttotal Status Flags
r-devel-linux-x86_64-debian-clang 1.0.2 1.79 23.29 25.08 NOTE
r-devel-linux-x86_64-debian-gcc 1.0.2 1.67 18.31 19.98 NOTE
r-devel-linux-x86_64-fedora-clang 1.0.2 32.06 NOTE
r-devel-linux-x86_64-fedora-gcc 1.0.2 31.50 NOTE
r-devel-windows-x86_64 1.0.2 3.00 43.00 46.00 NOTE
r-patched-linux-x86_64 1.0.2 2.28 23.03 25.31 NOTE
r-release-linux-x86_64 1.0.2 2.33 22.83 25.16 NOTE
r-release-macos-arm64 1.0.2 16.00 NOTE
r-release-macos-x86_64 1.0.2 19.00 NOTE
r-release-windows-x86_64 1.0.2 3.00 40.00 43.00 NOTE
r-oldrel-macos-arm64 1.0.2 15.00 NOTE
r-oldrel-windows-x86_64 1.0.2 6.00 49.00 55.00 NOTE

Check Details

Version: 1.0.2
Check: LazyData
Result: NOTE 'LazyData' is specified without a 'data' directory Flavors: r-devel-linux-x86_64-debian-clang, r-devel-linux-x86_64-debian-gcc, r-devel-linux-x86_64-fedora-clang, r-devel-linux-x86_64-fedora-gcc, r-devel-windows-x86_64, r-patched-linux-x86_64, r-release-linux-x86_64, r-release-macos-arm64, r-release-macos-x86_64, r-release-windows-x86_64, r-oldrel-macos-arm64, r-oldrel-windows-x86_64