CRAN Package Check Results for Package ercv

Last updated on 2024-04-15 00:54:54 CEST.

Flavor Version Tinstall Tcheck Ttotal Status Flags
r-devel-linux-x86_64-debian-clang 1.0.1 2.76 35.42 38.18 NOTE
r-devel-linux-x86_64-debian-gcc 1.0.1 2.50 26.63 29.13 NOTE
r-devel-linux-x86_64-fedora-clang 1.0.1 47.17 NOTE
r-devel-linux-x86_64-fedora-gcc 1.0.1 45.78 NOTE
r-devel-windows-x86_64 1.0.1 3.00 49.00 52.00 NOTE
r-patched-linux-x86_64 1.0.1 3.52 34.01 37.53 NOTE
r-release-linux-x86_64 1.0.1 2.81 33.40 36.21 OK
r-release-macos-arm64 1.0.1 19.00 OK
r-release-macos-x86_64 1.0.1 26.00 OK
r-release-windows-x86_64 1.0.1 4.00 87.00 91.00 OK
r-oldrel-macos-arm64 1.0.1 16.00 OK
r-oldrel-windows-x86_64 1.0.1 6.00 55.00 61.00 OK

Check Details

Version: 1.0.1
Check: Rd files
Result: NOTE checkRd: (-1) Tm.Rd:46-48: Lost braces in \itemize; \value handles \item{}{} directly checkRd: (-1) Tm.Rd:49-51: Lost braces in \itemize; \value handles \item{}{} directly checkRd: (-1) Tm.Rd:52-54: Lost braces in \itemize; \value handles \item{}{} directly checkRd: (-1) Tm.Rd:55-57: Lost braces in \itemize; \value handles \item{}{} directly checkRd: (-1) Tm.Rd:58-60: Lost braces in \itemize; \value handles \item{}{} directly checkRd: (-1) fitpot.Rd:36-39: Lost braces in \itemize; \value handles \item{}{} directly checkRd: (-1) fitpot.Rd:40-42: Lost braces in \itemize; \value handles \item{}{} directly checkRd: (-1) fitpot.Rd:43-46: Lost braces in \itemize; \value handles \item{}{} directly checkRd: (-1) fitpot.Rd:47-49: Lost braces in \itemize; \value handles \item{}{} directly checkRd: (-1) thrselect.Rd:54-56: Lost braces in \itemize; \value handles \item{}{} directly checkRd: (-1) thrselect.Rd:57-59: Lost braces in \itemize; \value handles \item{}{} directly checkRd: (-1) thrselect.Rd:60-62: Lost braces in \itemize; \value handles \item{}{} directly checkRd: (-1) thrselect.Rd:63-65: Lost braces in \itemize; \value handles \item{}{} directly checkRd: (-1) thrselect.Rd:66-68: Lost braces in \itemize; \value handles \item{}{} directly checkRd: (-1) thrselect.Rd:69-71: Lost braces in \itemize; \value handles \item{}{} directly checkRd: (-1) thrselect.Rd:72-74: Lost braces in \itemize; \value handles \item{}{} directly checkRd: (-1) thrselect.Rd:75-77: Lost braces in \itemize; \value handles \item{}{} directly Flavors: r-devel-linux-x86_64-debian-clang, r-devel-linux-x86_64-debian-gcc, r-devel-linux-x86_64-fedora-clang, r-devel-linux-x86_64-fedora-gcc, r-devel-windows-x86_64, r-patched-linux-x86_64