CRAN Package Check Results for Package epxToR

Last updated on 2023-03-30 12:55:08 CEST.

Flavor Version Tinstall Tcheck Ttotal Status Flags
r-devel-linux-x86_64-debian-clang 0.4-1 3.59 30.70 34.29 NOTE
r-devel-linux-x86_64-debian-gcc 0.4-1 2.87 24.13 27.00 NOTE
r-devel-linux-x86_64-fedora-clang 0.4-1 43.13 NOTE
r-devel-linux-x86_64-fedora-gcc 0.4-1 41.64 NOTE
r-devel-windows-x86_64 0.4-1 10.00 0.00 10.00 NOTE
r-patched-linux-x86_64 0.4-1 3.12 29.46 32.58 NOTE
r-release-linux-x86_64 0.4-1 2.66 31.46 34.12 NOTE
r-release-macos-arm64 0.4-1 19.00 NOTE
r-release-macos-x86_64 0.4-1 25.00 NOTE
r-release-windows-x86_64 0.4-1 9.00 63.00 72.00 NOTE
r-oldrel-macos-arm64 0.4-1 22.00 NOTE
r-oldrel-macos-x86_64 0.4-1 26.00 NOTE
r-oldrel-windows-ix86+x86_64 0.4-1 7.00 55.00 62.00 NOTE

Check Details

Version: 0.4-1
Check: LazyData
Result: NOTE
     'LazyData' is specified without a 'data' directory
Flavors: r-devel-linux-x86_64-debian-clang, r-devel-linux-x86_64-debian-gcc, r-devel-linux-x86_64-fedora-clang, r-devel-linux-x86_64-fedora-gcc, r-devel-windows-x86_64, r-patched-linux-x86_64, r-release-linux-x86_64, r-release-macos-arm64, r-release-macos-x86_64, r-release-windows-x86_64, r-oldrel-macos-arm64, r-oldrel-macos-x86_64, r-oldrel-windows-ix86+x86_64