CRAN Package Check Results for Package epiworldR

Last updated on 2024-02-29 06:54:06 CET.

Flavor Version Tinstall Tcheck Ttotal Status Flags
r-devel-linux-x86_64-debian-clang 0.0-4 95.01 97.33 192.34 OK
r-devel-linux-x86_64-debian-gcc 0.0-4 86.18 56.77 142.95 OK
r-devel-linux-x86_64-fedora-clang 0.0-4 238.45 OK
r-devel-linux-x86_64-fedora-gcc 0.0-4 273.81 OK
r-devel-windows-x86_64 0.0-4 73.00 122.00 195.00 OK
r-patched-linux-x86_64 0.0-4 102.64 74.34 176.98 OK
r-release-linux-x86_64 0.0-4 100.46 73.74 174.20 OK
r-release-macos-arm64 0.0-4 83.00 NOTE
r-release-macos-x86_64 0.0-4 160.00 NOTE
r-release-windows-x86_64 0.0-4 69.00 127.00 196.00 OK
r-oldrel-macos-arm64 0.0-4 80.00 NOTE
r-oldrel-windows-x86_64 0.0-4 86.00 118.00 204.00 OK

Check Details

Version: 0.0-4
Check: installed package size
Result: NOTE installed size is 13.2Mb sub-directories of 1Mb or more: libs 11.5Mb Flavors: r-release-macos-arm64, r-release-macos-x86_64, r-oldrel-macos-arm64