CRAN Package Check Results for Package epca

Last updated on 2021-09-24 01:50:03 CEST.

Flavor Version Tinstall Tcheck Ttotal Status Flags
r-devel-linux-x86_64-debian-clang 1.0.0 3.24 50.10 53.34 OK
r-devel-linux-x86_64-debian-gcc 1.0.0 2.50 36.20 38.70 OK
r-devel-linux-x86_64-fedora-clang 1.0.0 68.57 NOTE
r-devel-linux-x86_64-fedora-gcc 1.0.0 75.65 NOTE
r-devel-windows-x86_64 1.0.0 6.00 55.00 61.00 OK
r-devel-windows-x86_64-gcc10-UCRT 1.0.0 NOTE
r-patched-linux-x86_64 1.0.0 3.61 44.89 48.50 OK
r-patched-solaris-x86 1.0.0 89.00 NOTE
r-release-linux-x86_64 1.0.0 3.19 47.56 50.75 OK
r-release-macos-arm64 1.0.0 NOTE
r-release-macos-x86_64 1.0.0 NOTE
r-release-windows-ix86+x86_64 1.0.0 9.00 56.00 65.00 OK
r-oldrel-macos-x86_64 1.0.0 NOTE
r-oldrel-windows-ix86+x86_64 1.0.0 6.00 50.00 56.00 OK

Check Details

Version: 1.0.0
Check: dependencies in R code
Result: NOTE
    Namespaces in Imports field not imported from:
     ‘RSpectra’ ‘tidyverse’
     All declared Imports should be used.
Flavors: r-devel-linux-x86_64-fedora-clang, r-devel-linux-x86_64-fedora-gcc, r-devel-windows-x86_64-gcc10-UCRT, r-patched-solaris-x86, r-release-macos-arm64, r-release-macos-x86_64, r-oldrel-macos-x86_64