CRAN Package Check Results for Package envirem

Last updated on 2021-06-16 07:49:47 CEST.

Flavor Version Tinstall Tcheck Ttotal Status Flags
r-devel-linux-x86_64-debian-clang 2.3 13.14 123.96 137.10 OK
r-devel-linux-x86_64-debian-gcc 2.3 9.18 93.07 102.25 OK
r-devel-linux-x86_64-fedora-clang 2.3 157.92 OK
r-devel-linux-x86_64-fedora-gcc 2.3 149.70 OK
r-devel-windows-x86_64 2.3 18.00 147.00 165.00 OK
r-devel-windows-x86_64-gcc10-UCRT 2.3 ERROR
r-patched-linux-x86_64 2.3 13.97 116.26 130.23 OK
r-patched-solaris-x86 2.3 214.50 OK
r-release-linux-x86_64 2.3 11.56 116.62 128.18 OK
r-release-macos-arm64 2.3 OK
r-release-macos-x86_64 2.3 OK
r-release-windows-ix86+x86_64 2.3 27.00 144.00 171.00 OK
r-oldrel-macos-x86_64 2.3 OK
r-oldrel-windows-ix86+x86_64 2.3 26.00 152.00 178.00 OK

Check Details

Version: 2.3
Check: package dependencies
Result: ERROR
    Package required but not available: 'sf'
    
    See section 'The DESCRIPTION file' in the 'Writing R Extensions'
    manual.
Flavor: r-devel-windows-x86_64-gcc10-UCRT