CRAN Package Check Results for Package entropart

Last updated on 2021-09-24 01:50:03 CEST.

Flavor Version Tinstall Tcheck Ttotal Status Flags
r-devel-linux-x86_64-debian-clang 1.6-8 13.57 173.85 187.42 OK
r-devel-linux-x86_64-debian-gcc 1.6-8 10.26 133.17 143.43 OK
r-devel-linux-x86_64-fedora-clang 1.6-8 243.20 NOTE
r-devel-linux-x86_64-fedora-gcc 1.6-8 223.72 NOTE
r-devel-windows-x86_64 1.6-8 15.00 163.00 178.00 OK
r-devel-windows-x86_64-gcc10-UCRT 1.6-8 NOTE
r-patched-linux-x86_64 1.6-8 20.04 172.14 192.18 OK
r-patched-solaris-x86 1.6-8 232.70 NOTE
r-release-linux-x86_64 1.6-8 12.29 170.93 183.22 OK
r-release-macos-arm64 1.6-8 NOTE
r-release-macos-x86_64 1.6-8 NOTE
r-release-windows-ix86+x86_64 1.6-8 26.00 158.00 184.00 OK
r-oldrel-macos-x86_64 1.6-8 NOTE
r-oldrel-windows-ix86+x86_64 1.6-8 19.00 164.00 183.00 OK

Check Details

Version: 1.6-8
Check: dependencies in R code
Result: NOTE
    Namespaces in Imports field not imported from:
     ‘SPECIES’ ‘ade4’
     All declared Imports should be used.
Flavors: r-devel-linux-x86_64-fedora-clang, r-devel-linux-x86_64-fedora-gcc, r-devel-windows-x86_64-gcc10-UCRT, r-patched-solaris-x86, r-release-macos-arm64, r-release-macos-x86_64, r-oldrel-macos-x86_64