CRAN Package Check Results for Package enerscape

Last updated on 2023-01-31 19:07:21 CET.

Flavor Version Tinstall Tcheck Ttotal Status Flags
r-devel-linux-x86_64-debian-clang 1.0.0 37.50 233.90 271.40 OK
r-devel-linux-x86_64-debian-gcc 1.0.0 32.09 169.19 201.28 OK
r-devel-linux-x86_64-fedora-clang 1.0.0 336.15 OK
r-devel-linux-x86_64-fedora-gcc 1.0.0 334.84 OK
r-devel-windows-x86_64 1.0.0 49.00 252.00 301.00 OK
r-patched-linux-x86_64 1.0.0 35.54 221.38 256.92 OK
r-release-linux-x86_64 1.0.0 34.19 220.87 255.06 OK
r-release-macos-arm64 1.0.0 67.00 OK
r-release-macos-x86_64 1.0.0 98.00 OK
r-release-windows-x86_64 1.0.0 40.00 266.00 306.00 OK
r-oldrel-macos-arm64 1.0.0 66.00 OK
r-oldrel-macos-x86_64 1.0.0 96.00 OK
r-oldrel-windows-ix86+x86_64 1.0.0 92.00 316.00 408.00 WARN

Check Details

Version: 1.0.0
Check: whether package can be installed
Result: WARN
    Found the following significant warnings:
     neighbours.h:17:12: warning: passing NULL to non-pointer argument 1 of 'Rcpp::Vector<RTYPE, StoragePolicy>::Vector(const int&) [with int RTYPE = 14; StoragePolicy = Rcpp::PreserveStorage]' [-Wconversion-null]
     neighbours.h:20:12: warning: passing NULL to non-pointer argument 1 of 'Rcpp::Vector<RTYPE, StoragePolicy>::Vector(const int&) [with int RTYPE = 14; StoragePolicy = Rcpp::PreserveStorage]' [-Wconversion-null]
     neighbours.h:39:12: warning: passing NULL to non-pointer argument 1 of 'Rcpp::Vector<RTYPE, StoragePolicy>::Vector(const int&) [with int RTYPE = 14; StoragePolicy = Rcpp::PreserveStorage]' [-Wconversion-null]
Flavor: r-oldrel-windows-ix86+x86_64