CRAN Package Check Results for Package encryptedRmd

Last updated on 2024-02-23 12:51:43 CET.

Flavor Version Tinstall Tcheck Ttotal Status Flags
r-devel-linux-x86_64-debian-clang 0.2.1 NOTE
r-devel-linux-x86_64-debian-gcc 0.2.1 1.56 17.83 19.39 NOTE
r-devel-linux-x86_64-fedora-clang 0.2.1 30.99 NOTE
r-devel-linux-x86_64-fedora-gcc 0.2.1 29.25 NOTE
r-devel-windows-x86_64 0.2.1 3.00 39.00 42.00 NOTE
r-patched-linux-x86_64 0.2.1 1.62 22.22 23.84 NOTE
r-release-linux-x86_64 0.2.1 1.47 22.39 23.86 NOTE
r-release-macos-arm64 0.2.1 17.00 NOTE
r-release-macos-x86_64 0.2.1 19.00 NOTE
r-release-windows-x86_64 0.2.1 3.00 39.00 42.00 NOTE
r-oldrel-macos-arm64 0.2.1 17.00 NOTE
r-oldrel-windows-x86_64 0.2.1 4.00 43.00 47.00 NOTE

Check Details

Version: 0.2.1
Check: LazyData
Result: NOTE 'LazyData' is specified without a 'data' directory Flavors: r-devel-linux-x86_64-debian-clang, r-devel-linux-x86_64-debian-gcc, r-devel-linux-x86_64-fedora-clang, r-devel-linux-x86_64-fedora-gcc, r-devel-windows-x86_64, r-patched-linux-x86_64, r-release-linux-x86_64, r-release-macos-arm64, r-release-macos-x86_64, r-release-windows-x86_64, r-oldrel-macos-arm64, r-oldrel-windows-x86_64