CRAN Package Check Results for Package empichar

Last updated on 2022-09-26 19:50:35 CEST.

Flavor Version Tinstall Tcheck Ttotal Status Flags
r-devel-linux-x86_64-debian-clang 1.0.0 29.24 31.15 60.39 NOTE
r-devel-linux-x86_64-debian-gcc 1.0.0 24.45 23.99 48.44 NOTE
r-devel-linux-x86_64-fedora-clang 1.0.0 100.68 NOTE
r-devel-linux-x86_64-fedora-gcc 1.0.0 92.42 NOTE
r-devel-windows-x86_64 1.0.0 36.00 79.00 115.00 NOTE
r-patched-linux-x86_64 1.0.0 29.61 29.93 59.54 NOTE
r-release-linux-x86_64 1.0.0 23.06 29.60 52.66 NOTE
r-release-macos-arm64 1.0.0 25.00 NOTE
r-release-macos-x86_64 1.0.0 33.00 NOTE
r-release-windows-x86_64 1.0.0 38.00 78.00 116.00 NOTE
r-oldrel-macos-arm64 1.0.0 27.00 NOTE
r-oldrel-macos-x86_64 1.0.0 46.00 NOTE
r-oldrel-windows-ix86+x86_64 1.0.0 81.00 80.00 161.00 NOTE

Check Details

Version: 1.0.0
Check: LazyData
Result: NOTE
     'LazyData' is specified without a 'data' directory
Flavors: r-devel-linux-x86_64-debian-clang, r-devel-linux-x86_64-debian-gcc, r-devel-linux-x86_64-fedora-clang, r-devel-linux-x86_64-fedora-gcc, r-devel-windows-x86_64, r-patched-linux-x86_64, r-release-linux-x86_64, r-release-macos-arm64, r-release-macos-x86_64, r-release-windows-x86_64, r-oldrel-macos-arm64, r-oldrel-macos-x86_64, r-oldrel-windows-ix86+x86_64