CRAN Package Check Results for Package emojifont

Last updated on 2021-08-02 13:55:12 CEST.

Flavor Version Tinstall Tcheck Ttotal Status Flags
r-devel-linux-x86_64-debian-clang 0.5.5 5.41 53.71 59.12 OK
r-devel-linux-x86_64-debian-gcc 0.5.5 4.19 40.70 44.89 OK
r-devel-linux-x86_64-fedora-clang 0.5.5 75.22 NOTE
r-devel-linux-x86_64-fedora-gcc 0.5.5 66.15 OK
r-devel-windows-x86_64 0.5.5 9.00 71.00 80.00 NOTE
r-devel-windows-x86_64-gcc10-UCRT 0.5.5 OK
r-patched-linux-x86_64 0.5.5 OK
r-patched-solaris-x86 0.5.5 93.40 NOTE
r-release-linux-x86_64 0.5.5 4.47 49.56 54.03 OK
r-release-macos-arm64 0.5.5 ERROR
r-release-macos-x86_64 0.5.5 NOTE
r-release-windows-ix86+x86_64 0.5.5 15.00 72.00 87.00 NOTE
r-oldrel-macos-x86_64 0.5.5 NOTE
r-oldrel-windows-ix86+x86_64 0.5.5 14.00 72.00 86.00 NOTE

Check Details

Version: 0.5.5
Check: installed package size
Result: NOTE
     installed size is 7.0Mb
     sub-directories of 1Mb or more:
     emoji_fonts 6.5Mb
Flavors: r-devel-linux-x86_64-fedora-clang, r-devel-windows-x86_64, r-patched-solaris-x86, r-release-macos-x86_64, r-release-windows-ix86+x86_64, r-oldrel-macos-x86_64, r-oldrel-windows-ix86+x86_64

Version: 0.5.5
Check: package dependencies
Result: ERROR
    Packages required but not available: 'showtext', 'sysfonts'
    
    See section ‘The DESCRIPTION file’ in the ‘Writing R Extensions’
    manual.
Flavor: r-release-macos-arm64