CRAN Package Check Results for Package emoa

Last updated on 2022-10-02 21:53:40 CEST.

Flavor Version Tinstall Tcheck Ttotal Status Flags
r-devel-linux-x86_64-debian-clang 0.5-0.1 7.35 27.04 34.39 OK
r-devel-linux-x86_64-debian-gcc 0.5-0.1 5.24 21.31 26.55 OK
r-devel-linux-x86_64-fedora-clang 0.5-0.1 55.69 NOTE
r-devel-linux-x86_64-fedora-gcc 0.5-0.1 53.31 NOTE
r-devel-windows-x86_64 0.5-0.1 39.00 59.00 98.00 OK
r-patched-linux-x86_64 0.5-0.1 6.51 25.97 32.48 OK
r-release-linux-x86_64 0.5-0.1 6.17 26.03 32.20 OK
r-release-macos-arm64 0.5-0.1 18.00 OK
r-release-macos-x86_64 0.5-0.1 24.00 OK
r-release-windows-x86_64 0.5-0.1 38.00 54.00 92.00 OK
r-oldrel-macos-arm64 0.5-0.1 23.00 OK
r-oldrel-macos-x86_64 0.5-0.1 34.00 OK
r-oldrel-windows-ix86+x86_64 0.5-0.1 23.00 51.00 74.00 OK

Check Details

Version: 0.5-0.1
Check: compiled code
Result: NOTE
    File ‘emoa/libs/emoa.so’:
     Found no calls to: ‘R_registerRoutines’, ‘R_useDynamicSymbols’
    
    It is good practice to register native routines and to disable symbol
    search.
    
    See ‘Writing portable packages’ in the ‘Writing R Extensions’ manual.
Flavors: r-devel-linux-x86_64-fedora-clang, r-devel-linux-x86_64-fedora-gcc