CRAN Package Check Results for Package elsa

Last updated on 2024-02-22 06:51:38 CET.

Flavor Version Tinstall Tcheck Ttotal Status Flags
r-devel-linux-x86_64-debian-clang 1.1-28 OK
r-devel-linux-x86_64-debian-gcc 1.1-28 31.95 230.26 262.21 OK
r-devel-linux-x86_64-fedora-clang 1.1-28 421.39 NOTE
r-devel-linux-x86_64-fedora-gcc 1.1-28 450.18 NOTE
r-devel-windows-x86_64 1.1-28 37.00 204.00 241.00 OK
r-patched-linux-x86_64 1.1-28 38.05 309.01 347.06 OK
r-release-linux-x86_64 1.1-28 39.43 297.30 336.73 OK
r-release-macos-arm64 1.1-28 108.00 OK
r-release-macos-x86_64 1.1-28 201.00 OK
r-release-windows-x86_64 1.1-28 47.00 266.00 313.00 OK
r-oldrel-macos-arm64 1.1-28 98.00 OK
r-oldrel-windows-x86_64 1.1-28 52.00 257.00 309.00 OK

Check Details

Version: 1.1-28
Check: compiled code
Result: NOTE File ‘elsa/libs/elsa.so’: Found no calls to: ‘R_registerRoutines’, ‘R_useDynamicSymbols’ It is good practice to register native routines and to disable symbol search. See ‘Writing portable packages’ in the ‘Writing R Extensions’ manual. Flavors: r-devel-linux-x86_64-fedora-clang, r-devel-linux-x86_64-fedora-gcc