CRAN Package Check Results for Package elevatr

Last updated on 2021-06-14 07:48:35 CEST.

Flavor Version Tinstall Tcheck Ttotal Status Flags
r-devel-linux-x86_64-debian-clang 0.3.4 5.68 73.93 79.61 OK
r-devel-linux-x86_64-debian-gcc 0.3.4 4.49 55.03 59.52 OK
r-devel-linux-x86_64-fedora-clang 0.3.4 102.72 OK
r-devel-linux-x86_64-fedora-gcc 0.3.4 94.20 OK
r-devel-windows-x86_64 0.3.4 10.00 94.00 104.00 OK
r-devel-windows-x86_64-gcc10-UCRT 0.3.4 ERROR
r-patched-linux-x86_64 0.3.4 5.18 68.97 74.15 OK
r-patched-solaris-x86 0.3.4 139.50 OK
r-release-linux-x86_64 0.3.4 5.40 68.86 74.26 OK
r-release-macos-arm64 0.3.4 OK
r-release-macos-x86_64 0.3.4 OK
r-release-windows-ix86+x86_64 0.3.4 16.00 91.00 107.00 OK
r-oldrel-macos-x86_64 0.3.4 OK
r-oldrel-windows-ix86+x86_64 0.3.4 21.00 95.00 116.00 OK

Check Details

Version: 0.3.4
Check: package dependencies
Result: ERROR
    Package required but not available: 'sf'
    
    See section 'The DESCRIPTION file' in the 'Writing R Extensions'
    manual.
Flavor: r-devel-windows-x86_64-gcc10-UCRT