Last updated on 2023-03-23 06:52:19 CET.
Flavor | Version | Tinstall | Tcheck | Ttotal | Status | Flags |
---|---|---|---|---|---|---|
r-devel-linux-x86_64-debian-clang | 1.1.2 | 82.19 | 50.48 | 132.67 | OK | |
r-devel-linux-x86_64-debian-gcc | 1.1.2 | 69.12 | 35.80 | 104.92 | OK | |
r-devel-linux-x86_64-fedora-clang | 1.1.2 | 196.44 | OK | |||
r-devel-linux-x86_64-fedora-gcc | 1.1.2 | 185.93 | OK | |||
r-devel-windows-x86_64 | 1.1.2 | 141.00 | 103.00 | 244.00 | OK | |
r-patched-linux-x86_64 | 1.1.2 | 76.15 | 46.22 | 122.37 | OK | |
r-release-linux-x86_64 | 1.1.2 | 63.14 | 47.17 | 110.31 | OK | |
r-release-macos-arm64 | 1.1.2 | 43.00 | NOTE | |||
r-release-macos-x86_64 | 1.1.2 | 66.00 | NOTE | |||
r-release-windows-x86_64 | 1.1.2 | 98.00 | 151.00 | 249.00 | OK | |
r-oldrel-macos-arm64 | 1.1.2 | 40.00 | NOTE | |||
r-oldrel-macos-x86_64 | 1.1.2 | 70.00 | NOTE | |||
r-oldrel-windows-ix86+x86_64 | 1.1.2 | 209.00 | 116.00 | 325.00 | OK |
Version: 1.1.2
Check: installed package size
Result: NOTE
installed size is 9.2Mb
sub-directories of 1Mb or more:
libs 9.0Mb
Flavors: r-release-macos-arm64, r-release-macos-x86_64, r-oldrel-macos-arm64, r-oldrel-macos-x86_64