CRAN Package Check Results for Package elections.dtree

Last updated on 2023-12-09 12:49:19 CET.

Flavor Version Tinstall Tcheck Ttotal Status Flags
r-devel-linux-x86_64-debian-clang 2.0.0 74.56 102.97 177.53 OK
r-devel-linux-x86_64-debian-gcc 2.0.0 69.50 74.23 143.73 OK
r-devel-linux-x86_64-fedora-clang 2.0.0 261.15 OK
r-devel-linux-x86_64-fedora-gcc 2.0.0 259.57 OK
r-devel-windows-x86_64 2.0.0 71.00 121.00 192.00 OK
r-patched-linux-x86_64 2.0.0 70.09 93.91 164.00 OK
r-release-linux-x86_64 2.0.0 59.47 93.36 152.83 OK
r-release-macos-arm64 2.0.0 66.00 NOTE
r-release-macos-x86_64 2.0.0 115.00 NOTE
r-release-windows-x86_64 2.0.0 90.00 139.00 229.00 OK
r-oldrel-macos-arm64 2.0.0 69.00 NOTE
r-oldrel-macos-x86_64 2.0.0 100.00 NOTE
r-oldrel-windows-x86_64 2.0.0 88.00 152.00 240.00 OK

Check Details

Version: 2.0.0
Check: installed package size
Result: NOTE installed size is 9.1Mb sub-directories of 1Mb or more: libs 9.0Mb Flavors: r-release-macos-arm64, r-release-macos-x86_64, r-oldrel-macos-arm64, r-oldrel-macos-x86_64