Last updated on 2023-02-08 21:56:38 CET.
Flavor | Version | Tinstall | Tcheck | Ttotal | Status | Flags |
---|---|---|---|---|---|---|
r-devel-linux-x86_64-debian-clang | 1.1 | 8.88 | 79.68 | 88.56 | NOTE | |
r-devel-linux-x86_64-debian-gcc | 1.1 | 7.37 | 61.06 | 68.43 | NOTE | |
r-devel-linux-x86_64-fedora-clang | 1.1 | 111.97 | NOTE | |||
r-devel-linux-x86_64-fedora-gcc | 1.1 | 107.13 | NOTE | |||
r-devel-windows-x86_64 | 1.1 | 11.00 | 99.00 | 110.00 | NOTE | |
r-patched-linux-x86_64 | 1.1 | 5.88 | 76.75 | 82.63 | NOTE | |
r-release-linux-x86_64 | 1.1 | 6.19 | 76.47 | 82.66 | NOTE | |
r-release-macos-arm64 | 1.1 | 31.00 | NOTE | |||
r-release-macos-x86_64 | 1.1 | 44.00 | NOTE | |||
r-release-windows-x86_64 | 1.1 | 14.00 | 111.00 | 125.00 | NOTE | |
r-oldrel-macos-arm64 | 1.1 | 38.00 | NOTE | |||
r-oldrel-macos-x86_64 | 1.1 | 42.00 | NOTE | |||
r-oldrel-windows-ix86+x86_64 | 1.1 | 19.00 | 98.00 | 117.00 | NOTE |
Version: 1.1
Check: LazyData
Result: NOTE
'LazyData' is specified without a 'data' directory
Flavors: r-devel-linux-x86_64-debian-clang, r-devel-linux-x86_64-debian-gcc, r-devel-linux-x86_64-fedora-clang, r-devel-linux-x86_64-fedora-gcc, r-devel-windows-x86_64, r-patched-linux-x86_64, r-release-linux-x86_64, r-release-macos-arm64, r-release-macos-x86_64, r-release-windows-x86_64, r-oldrel-macos-arm64, r-oldrel-macos-x86_64, r-oldrel-windows-ix86+x86_64