CRAN Package Check Results for Package elaborator

Last updated on 2022-10-05 18:48:57 CEST.

Flavor Version Tinstall Tcheck Ttotal Status Flags
r-devel-linux-x86_64-debian-clang 1.1 16.71 96.74 113.45 NOTE
r-devel-linux-x86_64-debian-gcc 1.1 13.30 72.10 85.40 NOTE
r-devel-linux-x86_64-fedora-clang 1.1 151.16 NOTE
r-devel-linux-x86_64-fedora-gcc 1.1 143.91 NOTE
r-devel-windows-x86_64 1.1 59.00 112.00 171.00 NOTE
r-patched-linux-x86_64 1.1 10.19 89.29 99.48 NOTE
r-release-linux-x86_64 1.1 10.34 89.41 99.75 NOTE
r-release-macos-arm64 1.1 31.00 NOTE
r-release-macos-x86_64 1.1 58.00 NOTE
r-release-windows-x86_64 1.1 21.00 119.00 140.00 NOTE
r-oldrel-macos-arm64 1.1 44.00 NOTE
r-oldrel-macos-x86_64 1.1 70.00 NOTE
r-oldrel-windows-ix86+x86_64 1.1 32.00 116.00 148.00 NOTE

Check Details

Version: 1.1
Check: LazyData
Result: NOTE
     'LazyData' is specified without a 'data' directory
Flavors: r-devel-linux-x86_64-debian-clang, r-devel-linux-x86_64-debian-gcc, r-devel-linux-x86_64-fedora-clang, r-devel-linux-x86_64-fedora-gcc, r-devel-windows-x86_64, r-patched-linux-x86_64, r-release-linux-x86_64, r-release-macos-arm64, r-release-macos-x86_64, r-release-windows-x86_64, r-oldrel-macos-arm64, r-oldrel-macos-x86_64, r-oldrel-windows-ix86+x86_64