CRAN Package Check Results for Package eimpute

Last updated on 2024-02-22 06:51:38 CET.

Flavor Version Tinstall Tcheck Ttotal Status Flags
r-devel-linux-x86_64-debian-clang 0.2.3 OK
r-devel-linux-x86_64-debian-gcc 0.2.3 126.10 31.48 157.58 OK
r-devel-linux-x86_64-fedora-clang 0.2.3 223.23 OK
r-devel-linux-x86_64-fedora-gcc 0.2.3 309.77 OK
r-devel-windows-x86_64 0.2.3 100.00 85.00 185.00 OK
r-patched-linux-x86_64 0.2.2 133.40 37.80 171.20 NOTE
r-release-linux-x86_64 0.2.2 144.13 37.41 181.54 NOTE
r-release-macos-arm64 0.2.3 95.00 NOTE
r-release-macos-x86_64 0.2.3 149.00 NOTE
r-release-windows-x86_64 0.2.3 93.00 94.00 187.00 OK
r-oldrel-macos-arm64 0.2.3 81.00 NOTE
r-oldrel-windows-x86_64 0.2.3 113.00 81.00 194.00 OK

Check Details

Version: 0.2.2
Check: C++ specification
Result: NOTE Specified C++14: please drop specification unless essential Flavors: r-patched-linux-x86_64, r-release-linux-x86_64

Version: 0.2.3
Check: installed package size
Result: NOTE installed size is 43.1Mb sub-directories of 1Mb or more: libs 42.2Mb Flavors: r-release-macos-arm64, r-release-macos-x86_64, r-oldrel-macos-arm64