CRAN Package Check Results for Package eia

Last updated on 2021-07-29 07:49:27 CEST.

Flavor Version Tinstall Tcheck Ttotal Status Flags
r-devel-linux-x86_64-debian-clang 0.3.7 NOTE
r-devel-linux-x86_64-debian-gcc 0.3.7 3.39 36.09 39.48 NOTE
r-devel-linux-x86_64-fedora-clang 0.3.7 70.10 NOTE
r-devel-linux-x86_64-fedora-gcc 0.3.7 59.54 NOTE
r-devel-windows-x86_64 0.3.7 6.00 52.00 58.00 NOTE
r-devel-windows-x86_64-gcc10-UCRT 0.3.7 NOTE
r-patched-linux-x86_64 0.3.7 3.52 44.27 47.79 NOTE
r-patched-solaris-x86 0.3.7 85.90 NOTE
r-release-linux-x86_64 0.3.7 3.89 44.62 48.51 NOTE
r-release-macos-arm64 0.3.7 NOTE
r-release-macos-x86_64 0.3.7 NOTE
r-release-windows-ix86+x86_64 0.3.7 9.00 65.00 74.00 NOTE
r-oldrel-macos-x86_64 0.3.7 OK
r-oldrel-windows-ix86+x86_64 0.3.7 7.00 72.00 79.00 OK

Check Details

Version: 0.3.7
Check: LazyData
Result: NOTE
     'LazyData' is specified without a 'data' directory
Flavors: r-devel-linux-x86_64-debian-clang, r-devel-linux-x86_64-debian-gcc, r-devel-linux-x86_64-fedora-clang, r-devel-linux-x86_64-fedora-gcc, r-devel-windows-x86_64, r-devel-windows-x86_64-gcc10-UCRT, r-patched-linux-x86_64, r-patched-solaris-x86, r-release-linux-x86_64, r-release-macos-arm64, r-release-macos-x86_64, r-release-windows-ix86+x86_64