CRAN Package Check Results for Package editData

Last updated on 2021-06-23 22:54:14 CEST.

Flavor Version Tinstall Tcheck Ttotal Status Flags
r-devel-linux-x86_64-debian-clang 0.1.8 7.00 59.52 66.52 OK
r-devel-linux-x86_64-debian-gcc 0.1.8 5.95 44.63 50.58 OK
r-devel-linux-x86_64-fedora-clang 0.1.8 93.05 NOTE
r-devel-linux-x86_64-fedora-gcc 0.1.8 76.01 NOTE
r-devel-windows-x86_64 0.1.8 11.00 75.00 86.00 OK
r-devel-windows-x86_64-gcc10-UCRT 0.1.8 ERROR
r-patched-linux-x86_64 0.1.8 7.83 55.12 62.95 OK
r-patched-solaris-x86 0.1.8 122.80 NOTE
r-release-linux-x86_64 0.1.8 4.60 55.67 60.27 OK
r-release-macos-arm64 0.1.8 NOTE
r-release-macos-x86_64 0.1.8 NOTE
r-release-windows-ix86+x86_64 0.1.8 12.00 60.00 72.00 OK
r-oldrel-macos-x86_64 0.1.8 NOTE

Check Details

Version: 0.1.8
Check: dependencies in R code
Result: NOTE
    Namespaces in Imports field not imported from:
     ‘dplyr’ ‘magrittr’ ‘tibble’
     All declared Imports should be used.
Flavors: r-devel-linux-x86_64-fedora-clang, r-devel-linux-x86_64-fedora-gcc, r-patched-solaris-x86, r-release-macos-arm64, r-release-macos-x86_64, r-oldrel-macos-x86_64

Version: 0.1.8
Check: package dependencies
Result: ERROR
    Package required but not available: 'rio'
    
    See section 'The DESCRIPTION file' in the 'Writing R Extensions'
    manual.
Flavor: r-devel-windows-x86_64-gcc10-UCRT