CRAN Package Check Results for Package edina

Last updated on 2022-10-07 12:54:59 CEST.

Flavor Version Tinstall Tcheck Ttotal Status Flags
r-devel-linux-x86_64-debian-clang 0.1.1 42.40 63.98 106.38 NOTE
r-devel-linux-x86_64-debian-gcc 0.1.1 31.81 47.17 78.98 NOTE
r-devel-linux-x86_64-fedora-clang 0.1.1 154.84 NOTE
r-devel-linux-x86_64-fedora-gcc 0.1.1 140.11 NOTE
r-devel-windows-x86_64 0.1.1 45.00 113.00 158.00 NOTE
r-patched-linux-x86_64 0.1.1 37.68 58.26 95.94 NOTE
r-release-linux-x86_64 0.1.1 37.52 58.48 96.00 NOTE
r-release-macos-arm64 0.1.1 40.00 NOTE
r-release-macos-x86_64 0.1.1 65.00 NOTE
r-release-windows-x86_64 0.1.1 46.00 111.00 157.00 NOTE
r-oldrel-macos-arm64 0.1.1 44.00 NOTE
r-oldrel-macos-x86_64 0.1.1 65.00 NOTE
r-oldrel-windows-ix86+x86_64 0.1.1 106.00 134.00 240.00 NOTE

Check Details

Version: 0.1.1
Check: LazyData
Result: NOTE
     'LazyData' is specified without a 'data' directory
Flavors: r-devel-linux-x86_64-debian-clang, r-devel-linux-x86_64-debian-gcc, r-devel-linux-x86_64-fedora-clang, r-devel-linux-x86_64-fedora-gcc, r-devel-windows-x86_64, r-patched-linux-x86_64, r-release-linux-x86_64, r-release-macos-arm64, r-release-macos-x86_64, r-release-windows-x86_64, r-oldrel-macos-arm64, r-oldrel-macos-x86_64, r-oldrel-windows-ix86+x86_64