CRAN Package Check Results for Package eddi

Last updated on 2021-06-20 13:48:53 CEST.

Flavor Version Tinstall Tcheck Ttotal Status Flags
r-devel-linux-x86_64-debian-clang 0.0.1 1.99 26.18 28.17 NOTE
r-devel-linux-x86_64-debian-gcc 0.0.1 1.58 21.02 22.60 NOTE
r-devel-linux-x86_64-fedora-clang 0.0.1 43.75 NOTE
r-devel-linux-x86_64-fedora-gcc 0.0.1 33.45 NOTE
r-devel-windows-x86_64 0.0.1 4.00 46.00 50.00 NOTE
r-devel-windows-x86_64-gcc10-UCRT 0.0.1 NOTE
r-patched-linux-x86_64 0.0.1 1.94 26.00 27.94 NOTE
r-patched-solaris-x86 0.0.1 53.90 NOTE
r-release-linux-x86_64 0.0.1 1.85 25.98 27.83 NOTE
r-release-macos-arm64 0.0.1 NOTE
r-release-macos-x86_64 0.0.1 NOTE
r-release-windows-ix86+x86_64 0.0.1 5.00 40.00 45.00 NOTE
r-oldrel-macos-x86_64 0.0.1 OK
r-oldrel-windows-ix86+x86_64 0.0.1 4.00 32.00 36.00 OK

Additional issues

donttest

Check Details

Version: 0.0.1
Check: LazyData
Result: NOTE
     'LazyData' is specified without a 'data' directory
Flavors: r-devel-linux-x86_64-debian-clang, r-devel-linux-x86_64-debian-gcc, r-devel-linux-x86_64-fedora-clang, r-devel-linux-x86_64-fedora-gcc, r-devel-windows-x86_64, r-devel-windows-x86_64-gcc10-UCRT, r-patched-linux-x86_64, r-patched-solaris-x86, r-release-linux-x86_64, r-release-macos-arm64, r-release-macos-x86_64, r-release-windows-ix86+x86_64

Version: 0.0.1
Check: package dependencies
Result: NOTE
    Package suggested but not available for checking: 'covr'
Flavor: r-devel-windows-x86_64-gcc10-UCRT