CRAN Package Check Results for Package econet

Last updated on 2022-10-07 21:51:04 CEST.

Flavor Version Tinstall Tcheck Ttotal Status Flags
r-devel-linux-x86_64-debian-clang 1.0.0 20.34 155.77 176.11 OK
r-devel-linux-x86_64-debian-gcc 1.0.0 14.32 117.97 132.29 OK
r-devel-linux-x86_64-fedora-clang 1.0.0 237.72 OK
r-devel-linux-x86_64-fedora-gcc 1.0.0 217.77 OK
r-devel-windows-x86_64 1.0.0 34.00 198.00 232.00 OK
r-patched-linux-x86_64 1.0.0 15.13 148.38 163.51 OK
r-release-linux-x86_64 1.0.0 19.16 150.63 169.79 OK
r-release-macos-arm64 1.0.0 60.00 WARN
r-release-macos-x86_64 1.0.0 85.00 WARN
r-release-windows-x86_64 1.0.0 36.00 204.00 240.00 OK
r-oldrel-macos-arm64 1.0.0 58.00 WARN
r-oldrel-macos-x86_64 1.0.0 85.00 WARN
r-oldrel-windows-ix86+x86_64 1.0.0 41.00 153.00 194.00 WARN

Check Details

Version: 1.0.0
Check: re-building of vignette outputs
Result: WARN
    Error(s) in re-building vignettes:
     ...
    --- re-building ‘econet.tex’ using tex
    Error: processing vignette 'econet.tex' failed with diagnostics:
    Running 'texi2dvi' on 'econet.tex' failed.
    LaTeX errors:
    ! LaTeX Error: File `orcidlink.sty' not found.
    
    Type X to quit or <RETURN> to proceed,
    or enter new name. (Default extension: sty)
    
    ! Emergency stop.
    <read *>
    
    l.5 \graphicspath
     {{Figures/}}^^M
    ! ==> Fatal error occurred, no output PDF file produced!
    --- failed re-building ‘econet.tex’
    
    SUMMARY: processing the following file failed:
     ‘econet.tex’
    
    Error: Vignette re-building failed.
    Execution halted
Flavors: r-release-macos-arm64, r-release-macos-x86_64, r-oldrel-macos-arm64, r-oldrel-macos-x86_64

Version: 1.0.0
Check: re-building of vignette outputs
Result: WARN
    Error(s) in re-building vignettes:
    --- re-building 'econet.tex' using tex
    Warning in system(paste(shQuote(texi2dvi), if (quiet) "--quiet" else "", :
     running command '"D:\compiler\texmf\miktex\bin\texify.exe" --quiet --pdf "econet.tex" --max-iterations=20 -I "D:/RCompile/recent/R-4.1.3/share/texmf/tex/latex" -I "D:/RCompile/recent/R-4.1.3/share/texmf/bibtex/bst"' had status 1
    Error: processing vignette 'econet.tex' failed with diagnostics:
    running 'texi2dvi' on 'econet.tex' failed
    
    LaTeX errors:
    ! LaTeX Error: File `orcidlink.sty' not found.
    
    Type X to quit or <RETURN> to proceed,
    or enter new name. (Default extension: sty)
    
    
    --- failed re-building 'econet.tex'
    
    SUMMARY: processing the following file failed:
     'econet.tex'
    
    Error: Vignette re-building failed.
    Execution halted
Flavor: r-oldrel-windows-ix86+x86_64