CRAN Package Check Results for Package ecolottery

Last updated on 2021-09-20 19:52:38 CEST.

Flavor Version Tinstall Tcheck Ttotal Status Flags
r-devel-linux-x86_64-debian-clang 1.0.0 11.49 276.45 287.94 OK
r-devel-linux-x86_64-debian-gcc 1.0.0 10.10 188.74 198.84 OK
r-devel-linux-x86_64-fedora-clang 1.0.0 348.70 OK
r-devel-linux-x86_64-fedora-gcc 1.0.0 319.65 OK
r-devel-windows-x86_64 1.0.0 11.00 244.00 255.00 OK
r-devel-windows-x86_64-gcc10-UCRT 1.0.0 ERROR
r-patched-linux-x86_64 1.0.0 12.81 249.97 262.78 OK
r-patched-solaris-x86 1.0.0 508.20 OK
r-release-linux-x86_64 1.0.0 9.55 251.16 260.71 OK
r-release-macos-arm64 1.0.0 OK
r-release-macos-x86_64 1.0.0 OK
r-release-windows-ix86+x86_64 1.0.0 26.00 237.00 263.00 OK
r-oldrel-macos-x86_64 1.0.0 OK
r-oldrel-windows-ix86+x86_64 1.0.0 27.00 323.00 350.00 OK

Check Details

Version: 1.0.0
Check: whether package can be installed
Result: WARN
    Found the following significant warnings:
     WARNING: installation-time patches will not be applied, could not get the patches index
Flavor: r-devel-windows-x86_64-gcc10-UCRT

Version: 1.0.0
Check: PDF version of manual
Result: WARN
    LaTeX errors when creating PDF version.
    This typically indicates Rd problems.
Flavor: r-devel-windows-x86_64-gcc10-UCRT

Version: 1.0.0
Check: PDF version of manual without hyperrefs or index
Result: ERROR
    Re-running with no redirection of stdout/stderr.
Flavor: r-devel-windows-x86_64-gcc10-UCRT