CRAN Package Check Results for Package ecm

Last updated on 2022-11-27 06:52:55 CET.

Flavor Version Tinstall Tcheck Ttotal Status Flags
r-devel-linux-x86_64-debian-clang 6.3.0 2.21 31.59 33.80 OK
r-devel-linux-x86_64-debian-gcc 6.3.0 2.61 24.66 27.27 OK
r-devel-linux-x86_64-fedora-clang 6.3.0 53.87 NOTE
r-devel-linux-x86_64-fedora-gcc 6.3.0 51.54 NOTE
r-devel-windows-x86_64 6.3.0 11.00 65.00 76.00 OK
r-patched-linux-x86_64 6.3.0 3.27 29.35 32.62 OK
r-release-linux-x86_64 6.3.0 2.70 30.24 32.94 OK
r-release-macos-arm64 6.3.0 17.00 NOTE
r-release-macos-x86_64 6.3.0 29.00 NOTE
r-release-windows-x86_64 6.3.0 44.00 58.00 102.00 OK
r-oldrel-macos-arm64 6.3.0 28.00 NOTE
r-oldrel-macos-x86_64 6.3.0 37.00 NOTE
r-oldrel-windows-ix86+x86_64 6.3.0 10.00 68.00 78.00 OK

Check Details

Version: 6.3.0
Check: dependencies in R code
Result: NOTE
    Namespaces in Imports field not imported from:
     ‘lmtest’ ‘sandwich’ ‘urca’
     All declared Imports should be used.
Flavors: r-devel-linux-x86_64-fedora-clang, r-devel-linux-x86_64-fedora-gcc, r-release-macos-arm64, r-release-macos-x86_64, r-oldrel-macos-arm64, r-oldrel-macos-x86_64