CRAN Package Check Results for Package echarty

Last updated on 2021-06-20 13:48:53 CEST.

Flavor Version Tinstall Tcheck Ttotal Status Flags
r-devel-linux-x86_64-debian-clang 0.2.0 4.36 47.28 51.64 OK
r-devel-linux-x86_64-debian-gcc 0.2.0 3.59 35.82 39.41 OK
r-devel-linux-x86_64-fedora-clang 0.2.0 69.91 OK
r-devel-linux-x86_64-fedora-gcc 0.2.0 57.93 OK
r-devel-windows-x86_64 0.2.0 8.00 65.00 73.00 OK
r-devel-windows-x86_64-gcc10-UCRT 0.2.0 WARN
r-patched-linux-x86_64 0.2.0 5.06 44.95 50.01 OK
r-patched-solaris-x86 0.2.0 83.60 OK
r-release-linux-x86_64 0.2.0 3.69 44.33 48.02 OK
r-release-macos-arm64 0.2.0 WARN
r-release-macos-x86_64 0.2.0 WARN
r-release-windows-ix86+x86_64 0.2.0 13.00 63.00 76.00 OK
r-oldrel-macos-x86_64 0.2.0 WARN
r-oldrel-windows-ix86+x86_64 0.2.0 10.00 54.00 64.00 OK

Check Details

Version: 0.2.0
Check: loading without being on the library search path
Result: WARN
    Error: package or namespace load failed for 'echarty':
     .onLoad failed in loadNamespace() for 'echarty', details:
     call: loadNamespace(x)
     error: there is no package called 'shiny'
    Execution halted
    
    It looks like this package has a loading problem when not on .libPaths:
    see the messages for details.
Flavors: r-devel-windows-x86_64-gcc10-UCRT, r-release-macos-arm64, r-release-macos-x86_64

Version: 0.2.0
Check: loading without being on the library search path
Result: WARN
    Error: package or namespace load failed for ‘echarty’:
     .onLoad failed in loadNamespace() for 'echarty', details:
     call: loadNamespace(name)
     error: there is no package called ‘shiny’
    Execution halted
    
    It looks like this package has a loading problem when not on .libPaths:
    see the messages for details.
Flavor: r-oldrel-macos-x86_64