Last updated on 2023-03-31 06:49:41 CEST.
Flavor | Version | Tinstall | Tcheck | Ttotal | Status | Flags |
---|---|---|---|---|---|---|
r-devel-linux-x86_64-debian-clang | 1.5.0 | 8.35 | 71.27 | 79.62 | OK | |
r-devel-linux-x86_64-debian-gcc | 1.5.0 | 7.37 | 52.38 | 59.75 | OK | |
r-devel-linux-x86_64-fedora-clang | 1.5.0 | 97.55 | NOTE | |||
r-devel-linux-x86_64-fedora-gcc | 1.5.0 | 91.86 | OK | |||
r-devel-windows-x86_64 | 1.5.0 | 29.00 | 110.00 | 139.00 | OK | |
r-patched-linux-x86_64 | 1.5.0 | 7.48 | 65.46 | 72.94 | OK | |
r-release-linux-x86_64 | 1.5.0 | 7.46 | 66.73 | 74.19 | OK | |
r-release-macos-arm64 | 1.5.0 | 38.00 | OK | |||
r-release-macos-x86_64 | 1.5.0 | 44.00 | OK | |||
r-release-windows-x86_64 | 1.5.0 | 29.00 | 111.00 | 140.00 | OK | |
r-oldrel-macos-arm64 | 1.5.0 | 35.00 | OK | |||
r-oldrel-macos-x86_64 | 1.5.0 | 52.00 | OK | |||
r-oldrel-windows-ix86+x86_64 | 1.5.0 | 19.00 | 146.00 | 165.00 | OK |
Version: 1.5.0
Check: Rd cross-references
Result: NOTE
Undeclared package ‘tibble’ in Rd xrefs
Flavor: r-devel-linux-x86_64-fedora-clang