CRAN Package Check Results for Package echarts4r

Last updated on 2021-06-24 01:50:18 CEST.

Flavor Version Tinstall Tcheck Ttotal Status Flags
r-devel-linux-x86_64-debian-clang 0.4.0 17.29 126.36 143.65 NOTE
r-devel-linux-x86_64-debian-gcc 0.4.0 13.29 92.04 105.33 NOTE
r-devel-linux-x86_64-fedora-clang 0.4.0 171.27 NOTE
r-devel-linux-x86_64-fedora-gcc 0.4.0 160.01 NOTE
r-devel-windows-x86_64 0.4.0 22.00 155.00 177.00 NOTE
r-devel-windows-x86_64-gcc10-UCRT 0.4.0 NOTE
r-patched-linux-x86_64 0.4.0 22.64 119.59 142.23 NOTE
r-patched-solaris-x86 0.4.0 205.00 NOTE
r-release-linux-x86_64 0.4.0 12.24 119.20 131.44 NOTE
r-release-macos-arm64 0.4.0 NOTE
r-release-macos-x86_64 0.4.0 NOTE
r-release-windows-ix86+x86_64 0.4.0 18.00 124.00 142.00 NOTE
r-oldrel-macos-x86_64 0.4.0 OK

Check Details

Version: 0.4.0
Check: LazyData
Result: NOTE
     'LazyData' is specified without a 'data' directory
Flavors: r-devel-linux-x86_64-debian-clang, r-devel-linux-x86_64-debian-gcc, r-devel-linux-x86_64-fedora-clang, r-devel-linux-x86_64-fedora-gcc, r-devel-windows-x86_64, r-devel-windows-x86_64-gcc10-UCRT, r-patched-linux-x86_64, r-patched-solaris-x86, r-release-linux-x86_64, r-release-macos-arm64, r-release-macos-x86_64, r-release-windows-ix86+x86_64

Version: 0.4.0
Check: package dependencies
Result: NOTE
    Package suggested but not available for checking: 'covr'
Flavor: r-devel-windows-x86_64-gcc10-UCRT