CRAN Package Check Results for Package ech

Last updated on 2022-10-05 06:51:20 CEST.

Flavor Version Tinstall Tcheck Ttotal Status Flags
r-devel-linux-x86_64-debian-clang 0.1.2.0 52.92 423.19 476.11 OK
r-devel-linux-x86_64-debian-gcc 0.1.2.0 39.99 306.92 346.91 OK
r-devel-linux-x86_64-fedora-clang 0.1.2.0 570.37 NOTE
r-devel-linux-x86_64-fedora-gcc 0.1.2.0 544.94 NOTE
r-devel-windows-x86_64 0.1.2.0 68.00 429.00 497.00 OK
r-patched-linux-x86_64 0.1.2.0 42.95 395.25 438.20 OK
r-release-linux-x86_64 0.1.2.0 41.34 399.47 440.81 OK
r-release-macos-arm64 0.1.2.0 120.00 NOTE
r-release-macos-x86_64 0.1.2.0 227.00 NOTE
r-release-windows-x86_64 0.1.2.0 64.00 417.00 481.00 OK
r-oldrel-macos-arm64 0.1.2.0 120.00 NOTE
r-oldrel-macos-x86_64 0.1.2.0 162.00 NOTE
r-oldrel-windows-ix86+x86_64 0.1.2.0 101.00 426.00 527.00 OK

Check Details

Version: 0.1.2.0
Check: data for non-ASCII characters
Result: NOTE
     Note: found 1409 marked UTF-8 strings
Flavors: r-devel-linux-x86_64-fedora-clang, r-devel-linux-x86_64-fedora-gcc, r-release-macos-arm64, r-release-macos-x86_64, r-oldrel-macos-arm64, r-oldrel-macos-x86_64