CRAN Package Check Results for Package ecce

Last updated on 2021-09-24 22:52:51 CEST.

Flavor Version Tinstall Tcheck Ttotal Status Flags
r-devel-linux-x86_64-debian-clang 1.0.7 2.02 24.94 26.96 NOTE
r-devel-linux-x86_64-debian-gcc 1.0.7 1.46 20.34 21.80 NOTE
r-devel-linux-x86_64-fedora-clang 1.0.7 42.10 NOTE
r-devel-linux-x86_64-fedora-gcc 1.0.7 31.48 NOTE
r-devel-windows-x86_64 1.0.7 3.00 45.00 48.00 NOTE
r-devel-windows-x86_64-gcc10-UCRT 1.0.7 NOTE
r-patched-linux-x86_64 1.0.7 1.93 24.65 26.58 NOTE
r-patched-solaris-x86 1.0.7 50.00 NOTE
r-release-linux-x86_64 1.0.7 1.83 24.67 26.50 NOTE
r-release-macos-arm64 1.0.7 NOTE
r-release-macos-x86_64 1.0.7 NOTE
r-release-windows-ix86+x86_64 1.0.7 5.00 44.00 49.00 NOTE
r-oldrel-macos-x86_64 1.0.7 OK
r-oldrel-windows-ix86+x86_64 1.0.7 3.00 43.00 46.00 OK

Check Details

Version: 1.0.7
Check: LazyData
Result: NOTE
     'LazyData' is specified without a 'data' directory
Flavors: r-devel-linux-x86_64-debian-clang, r-devel-linux-x86_64-debian-gcc, r-devel-linux-x86_64-fedora-clang, r-devel-linux-x86_64-fedora-gcc, r-devel-windows-x86_64, r-devel-windows-x86_64-gcc10-UCRT, r-patched-linux-x86_64, r-patched-solaris-x86, r-release-linux-x86_64, r-release-macos-arm64, r-release-macos-x86_64, r-release-windows-ix86+x86_64