Last updated on 2023-02-08 12:57:06 CET.
Flavor | Version | Tinstall | Tcheck | Ttotal | Status | Flags |
---|---|---|---|---|---|---|
r-devel-linux-x86_64-debian-clang | 1.1.1 | 4.12 | 63.42 | 67.54 | NOTE | |
r-devel-linux-x86_64-debian-gcc | 1.1.1 | 3.56 | 48.30 | 51.86 | NOTE | |
r-devel-linux-x86_64-fedora-clang | 1.1.1 | 84.21 | NOTE | |||
r-devel-linux-x86_64-fedora-gcc | 1.1.1 | 103.11 | NOTE | |||
r-devel-windows-x86_64 | 1.1.1 | 39.00 | 115.00 | 154.00 | NOTE | |
r-patched-linux-x86_64 | 1.1.1 | 5.30 | 59.96 | 65.26 | NOTE | |
r-release-linux-x86_64 | 1.1.1 | 4.36 | 56.67 | 61.03 | NOTE | |
r-release-macos-arm64 | 1.1.1 | 31.00 | NOTE | |||
r-release-macos-x86_64 | 1.1.1 | 54.00 | NOTE | |||
r-release-windows-x86_64 | 1.1.1 | 53.00 | 114.00 | 167.00 | NOTE | |
r-oldrel-macos-arm64 | 1.1.1 | 41.00 | NOTE | |||
r-oldrel-macos-x86_64 | 1.1.1 | 49.00 | NOTE | |||
r-oldrel-windows-ix86+x86_64 | 1.1.1 | 8.00 | 120.00 | 128.00 | NOTE |
Version: 1.1.1
Check: package dependencies
Result: NOTE
Package which this enhances but not available for checking: ‘gurobi’
Flavors: r-devel-linux-x86_64-debian-clang, r-devel-linux-x86_64-debian-gcc, r-devel-linux-x86_64-fedora-clang, r-devel-linux-x86_64-fedora-gcc, r-devel-windows-x86_64, r-patched-linux-x86_64, r-release-linux-x86_64, r-release-macos-arm64, r-release-macos-x86_64, r-release-windows-x86_64, r-oldrel-macos-arm64, r-oldrel-macos-x86_64, r-oldrel-windows-ix86+x86_64