CRAN Package Check Results for Package eat

Last updated on 2021-10-20 07:49:45 CEST.

Flavor Version Tinstall Tcheck Ttotal Status Flags
r-devel-linux-x86_64-debian-clang 0.1.0 15.20 127.36 142.56 OK
r-devel-linux-x86_64-debian-gcc 0.1.0 11.69 94.78 106.47 OK
r-devel-linux-x86_64-fedora-clang 0.1.0 182.83 NOTE
r-devel-linux-x86_64-fedora-gcc 0.1.0 163.65 NOTE
r-devel-windows-x86_64 0.1.0 22.00 159.00 181.00 OK
r-devel-windows-x86_64-gcc10-UCRT 0.1.0 NOTE
r-patched-linux-x86_64 0.1.0 14.06 119.86 133.92 OK
r-patched-solaris-x86 0.1.0 223.20 NOTE
r-release-linux-x86_64 0.1.0 10.87 120.13 131.00 OK
r-release-macos-arm64 0.1.0 NOTE
r-release-macos-x86_64 0.1.0 NOTE
r-release-windows-ix86+x86_64 0.1.0 31.00 191.00 222.00 OK
r-oldrel-macos-x86_64 0.1.0 NOTE
r-oldrel-windows-ix86+x86_64 0.1.0 31.00 162.00 193.00 OK

Check Details

Version: 0.1.0
Check: dependencies in R code
Result: NOTE
    Namespace in Imports field not imported from: ‘knitr’
     All declared Imports should be used.
Flavors: r-devel-linux-x86_64-fedora-clang, r-devel-linux-x86_64-fedora-gcc, r-devel-windows-x86_64-gcc10-UCRT, r-patched-solaris-x86, r-release-macos-arm64, r-release-macos-x86_64, r-oldrel-macos-x86_64