CRAN Package Check Results for Package easylabel

Last updated on 2022-10-02 06:52:08 CEST.

Flavor Version Tinstall Tcheck Ttotal Status Flags
r-devel-linux-x86_64-debian-clang 0.2.4 11.27 105.19 116.46 OK
r-devel-linux-x86_64-debian-gcc 0.2.4 8.07 78.21 86.28 OK
r-devel-linux-x86_64-fedora-clang 0.2.4 155.25 OK
r-devel-linux-x86_64-fedora-gcc 0.2.4 146.71 OK
r-devel-windows-x86_64 0.2.4 20.00 145.00 165.00 OK
r-patched-linux-x86_64 0.2.4 10.72 98.08 108.80 OK
r-release-linux-x86_64 0.2.4 10.79 98.80 109.59 OK
r-release-macos-arm64 0.2.4 42.00 NOTE
r-release-macos-x86_64 0.2.4 64.00 OK
r-release-windows-x86_64 0.2.4 23.00 145.00 168.00 OK
r-oldrel-macos-arm64 0.2.4 49.00 OK
r-oldrel-macos-x86_64 0.2.4 54.00 NOTE
r-oldrel-windows-ix86+x86_64 0.2.4 27.00 130.00 157.00 OK

Check Details

Version: 0.2.4
Check: package dependencies
Result: NOTE
    Packages suggested but not available for checking:
     'AnnotationDbi', 'org.Hs.eg.db', 'qvalue'
Flavor: r-release-macos-arm64

Version: 0.2.4
Check: Rd cross-references
Result: NOTE
    Package unavailable to check Rd xrefs: ‘AnnotationDbi’
Flavor: r-release-macos-arm64

Version: 0.2.4
Check: package dependencies
Result: NOTE
    Package suggested but not available for checking: ‘org.Hs.eg.db’
Flavor: r-oldrel-macos-x86_64