CRAN Package Check Results for Package easyclimate

Last updated on 2024-02-25 18:51:22 CET.

Flavor Version Tinstall Tcheck Ttotal Status Flags
r-devel-linux-x86_64-debian-clang 0.2.1 2.27 42.52 44.79 OK
r-devel-linux-x86_64-debian-gcc 0.2.1 1.63 31.94 33.57 OK
r-devel-linux-x86_64-fedora-clang 0.2.1 56.60 NOTE
r-devel-linux-x86_64-fedora-gcc 0.2.1 54.50 OK
r-devel-windows-x86_64 0.2.1 3.00 54.00 57.00 OK
r-patched-linux-x86_64 0.2.1 2.40 41.87 44.27 OK
r-release-linux-x86_64 0.2.1 2.29 42.08 44.37 OK
r-release-macos-arm64 0.2.1 22.00 OK
r-release-macos-x86_64 0.2.1 32.00 OK
r-release-windows-x86_64 0.2.1 4.00 56.00 60.00 OK
r-oldrel-macos-arm64 0.2.1 22.00 OK
r-oldrel-windows-x86_64 0.2.1 4.00 60.00 64.00 OK

Check Details

Version: 0.2.1
Check: Rd cross-references
Result: NOTE Undeclared package ‘tibble’ in Rd xrefs Flavor: r-devel-linux-x86_64-fedora-clang