CRAN Package Check Results for Package easyDifferentialGeneCoexpression

Last updated on 2022-09-27 19:11:57 CEST.

Flavor Version Tinstall Tcheck Ttotal Status Flags
r-devel-linux-x86_64-debian-clang 1.0 43.88 401.11 444.99 OK
r-devel-linux-x86_64-debian-gcc 1.0 37.22 299.84 337.06 OK
r-devel-linux-x86_64-fedora-clang 1.0 554.76 NOTE
r-devel-linux-x86_64-fedora-gcc 1.0 539.01 NOTE
r-devel-windows-x86_64 1.0 302.00 459.00 761.00 OK
r-patched-linux-x86_64 1.0 45.94 371.23 417.17 OK
r-release-linux-x86_64 1.0 32.32 379.84 412.16 OK
r-release-macos-arm64 1.0 7.00 ERROR
r-release-macos-x86_64 1.0 6.00 ERROR
r-release-windows-x86_64 1.0 239.00 1147.00 1386.00 OK
r-oldrel-macos-arm64 1.0 9.00 ERROR
r-oldrel-macos-x86_64 1.0 11.00 ERROR
r-oldrel-windows-ix86+x86_64 1.0 94.00 362.00 456.00 OK

Check Details

Version: 1.0
Check: dependencies in R code
Result: NOTE
    Namespaces in Imports field not imported from:
     ‘R.utils’ ‘stringi’
     All declared Imports should be used.
Flavors: r-devel-linux-x86_64-fedora-clang, r-devel-linux-x86_64-fedora-gcc

Version: 1.0
Check: package dependencies
Result: ERROR
    Package required but not available: ‘diffcoexp’
    
    See section ‘The DESCRIPTION file’ in the ‘Writing R Extensions’
    manual.
Flavors: r-release-macos-arm64, r-release-macos-x86_64, r-oldrel-macos-arm64, r-oldrel-macos-x86_64