CRAN Package Check Results for Package eRTG3D

Last updated on 2021-08-03 13:53:09 CEST.

Flavor Version Tinstall Tcheck Ttotal Status Flags
r-devel-linux-x86_64-debian-clang 0.6.3 5.28 377.61 382.89 OK
r-devel-linux-x86_64-debian-gcc 0.6.3 4.97 261.21 266.18 OK
r-devel-linux-x86_64-fedora-clang 0.6.3 439.86 OK
r-devel-linux-x86_64-fedora-gcc 0.6.3 436.94 OK
r-devel-windows-x86_64 0.6.3 10.00 447.00 457.00 OK
r-devel-windows-x86_64-gcc10-UCRT 0.6.3 OK
r-patched-linux-x86_64 0.6.3 6.52 343.04 349.56 OK
r-patched-solaris-x86 0.6.3 695.10 OK
r-release-linux-x86_64 0.6.3 5.31 340.17 345.48 OK
r-release-macos-arm64 0.6.3 WARN
r-release-macos-x86_64 0.6.3 OK
r-release-windows-ix86+x86_64 0.6.3 12.00 464.00 476.00 OK
r-oldrel-macos-x86_64 0.6.3 OK
r-oldrel-windows-ix86+x86_64 0.6.3 20.00 445.00 465.00 OK

Check Details

Version: 0.6.3
Check: re-building of vignette outputs
Result: WARN
    Error(s) in re-building vignettes:
    --- re-building ‘v1.Rmd’ using rmarkdown
    Warning in engine$weave(file, quiet = quiet, encoding = enc) :
     Pandoc (>= 1.12.3) not available. Falling back to R Markdown v1.
    --- finished re-building ‘v1.Rmd’
    
    --- re-building ‘v2.Rmd’ using rmarkdown
    Warning in engine$weave(file, quiet = quiet, encoding = enc) :
     Pandoc (>= 1.12.3) not available. Falling back to R Markdown v1.
    --- finished re-building ‘v2.Rmd’
    
    --- re-building ‘v3.Rmd’ using rmarkdown
    Warning in engine$weave(file, quiet = quiet, encoding = enc) :
     Pandoc (>= 1.12.3) not available. Falling back to R Markdown v1.
    Quitting from lines 34-36 (v3.Rmd)
    Error: processing vignette 'v3.Rmd' failed with diagnostics:
    polygon edge not found
    --- failed re-building ‘v3.Rmd’
    
    --- re-building ‘v4.Rmd’ using rmarkdown
    Warning in engine$weave(file, quiet = quiet, encoding = enc) :
     Pandoc (>= 1.12.3) not available. Falling back to R Markdown v1.
    --- finished re-building ‘v4.Rmd’
    
    --- re-building ‘v5.Rmd’ using rmarkdown
    Warning in engine$weave(file, quiet = quiet, encoding = enc) :
     Pandoc (>= 1.12.3) not available. Falling back to R Markdown v1.
    --- finished re-building ‘v5.Rmd’
    
    --- re-building ‘v6.Rmd’ using rmarkdown
    Warning in engine$weave(file, quiet = quiet, encoding = enc) :
     Pandoc (>= 1.12.3) not available. Falling back to R Markdown v1.
    --- finished re-building ‘v6.Rmd’
    
    --- re-building ‘v7.Rmd’ using rmarkdown
    Warning in engine$weave(file, quiet = quiet, encoding = enc) :
     Pandoc (>= 1.12.3) not available. Falling back to R Markdown v1.
    --- finished re-building ‘v7.Rmd’
    
    --- re-building ‘v8.Rmd’ using rmarkdown
    Warning in engine$weave(file, quiet = quiet, encoding = enc) :
     Pandoc (>= 1.12.3) not available. Falling back to R Markdown v1.
    Quitting from lines 57-58 (v8.Rmd)
    Error: processing vignette 'v8.Rmd' failed with diagnostics:
    polygon edge not found
    --- failed re-building ‘v8.Rmd’
    
    --- re-building ‘v9.Rmd’ using rmarkdown
    Warning in engine$weave(file, quiet = quiet, encoding = enc) :
     Pandoc (>= 1.12.3) not available. Falling back to R Markdown v1.
    Quitting from lines 27-31 (v9.Rmd)
    Error: processing vignette 'v9.Rmd' failed with diagnostics:
    polygon edge not found
    --- failed re-building ‘v9.Rmd’
    
    SUMMARY: processing the following files failed:
     ‘v3.Rmd’ ‘v8.Rmd’ ‘v9.Rmd’
    
    Error: Vignette re-building failed.
    Execution halted
Flavor: r-release-macos-arm64