Last updated on 2023-02-03 18:51:20 CET.
Flavor | Version | Tinstall | Tcheck | Ttotal | Status | Flags |
---|---|---|---|---|---|---|
r-devel-linux-x86_64-debian-clang | 0.9.9-11 | 14.60 | 129.58 | 144.18 | OK | |
r-devel-linux-x86_64-debian-gcc | 0.9.9-11 | 12.16 | 98.34 | 110.50 | OK | |
r-devel-linux-x86_64-fedora-clang | 0.9.9-11 | 186.54 | NOTE | |||
r-devel-linux-x86_64-fedora-gcc | 0.9.9-11 | 191.58 | OK | |||
r-devel-windows-x86_64 | 0.9.9-11 | 46.00 | 190.00 | 236.00 | OK | |
r-patched-linux-x86_64 | 0.9.9-11 | 15.02 | 121.53 | 136.55 | OK | |
r-release-linux-x86_64 | 0.9.9-11 | 13.58 | 125.21 | 138.79 | OK | |
r-release-macos-arm64 | 0.9.9-11 | 52.00 | OK | |||
r-release-macos-x86_64 | 0.9.9-11 | 94.00 | OK | |||
r-release-windows-x86_64 | 0.9.9-11 | 38.00 | 184.00 | 222.00 | OK | |
r-oldrel-macos-arm64 | 0.9.9-11 | 66.00 | OK | |||
r-oldrel-macos-x86_64 | 0.9.9-11 | 106.00 | OK | |||
r-oldrel-windows-ix86+x86_64 | 0.9.9-11 | 34.00 | 154.00 | 188.00 | OK |
Version: 0.9.9-11
Check: installed package size
Result: NOTE
installed size is 5.0Mb
sub-directories of 1Mb or more:
data 4.3Mb
Flavor: r-devel-linux-x86_64-fedora-clang