CRAN Package Check Results for Package eFRED

Last updated on 2021-08-02 22:54:27 CEST.

Flavor Version Tinstall Tcheck Ttotal Status Flags
r-devel-linux-x86_64-debian-clang 0.1.0 3.25 30.33 33.58 OK
r-devel-linux-x86_64-debian-gcc 0.1.0 2.36 24.25 26.61 OK
r-devel-linux-x86_64-fedora-clang 0.1.0 50.33 NOTE
r-devel-linux-x86_64-fedora-gcc 0.1.0 39.77 NOTE
r-devel-windows-x86_64 0.1.0 5.00 58.00 63.00 OK
r-devel-windows-x86_64-gcc10-UCRT 0.1.0 NOTE
r-patched-linux-x86_64 0.1.0 OK
r-patched-solaris-x86 0.1.0 60.00 NOTE
r-release-linux-x86_64 0.1.0 2.79 29.90 32.69 OK
r-release-macos-arm64 0.1.0 NOTE
r-release-macos-x86_64 0.1.0 NOTE
r-release-windows-ix86+x86_64 0.1.0 6.00 51.00 57.00 OK
r-oldrel-macos-x86_64 0.1.0 NOTE
r-oldrel-windows-ix86+x86_64 0.1.0 5.00 52.00 57.00 OK

Check Details

Version: 0.1.0
Check: data for non-ASCII characters
Result: NOTE
     Note: found 24 marked UTF-8 strings
Flavors: r-devel-linux-x86_64-fedora-clang, r-devel-linux-x86_64-fedora-gcc, r-devel-windows-x86_64-gcc10-UCRT, r-patched-solaris-x86, r-release-macos-arm64, r-release-macos-x86_64, r-oldrel-macos-x86_64