Last updated on 2023-01-30 12:55:16 CET.
Flavor | Version | Tinstall | Tcheck | Ttotal | Status | Flags |
---|---|---|---|---|---|---|
r-devel-linux-x86_64-debian-clang | 1.0.0 | 5.12 | 81.34 | 86.46 | NOTE | |
r-devel-linux-x86_64-debian-gcc | 1.0.0 | 3.61 | 60.37 | 63.98 | NOTE | |
r-devel-linux-x86_64-fedora-clang | 1.0.0 | 109.62 | NOTE | |||
r-devel-linux-x86_64-fedora-gcc | 1.0.0 | 117.77 | NOTE | |||
r-devel-windows-x86_64 | 1.0.0 | 24.00 | 146.00 | 170.00 | NOTE | |
r-patched-linux-x86_64 | 1.0.0 | 6.21 | 75.72 | 81.93 | NOTE | |
r-release-linux-x86_64 | 1.0.0 | 4.67 | 74.52 | 79.19 | NOTE | |
r-release-macos-arm64 | 1.0.0 | 52.00 | NOTE | |||
r-release-macos-x86_64 | 1.0.0 | 51.00 | NOTE | |||
r-release-windows-x86_64 | 1.0.0 | 21.00 | 146.00 | 167.00 | NOTE | |
r-oldrel-macos-arm64 | 1.0.0 | 38.00 | NOTE | |||
r-oldrel-macos-x86_64 | 1.0.0 | 55.00 | NOTE | |||
r-oldrel-windows-ix86+x86_64 | 1.0.0 | 10.00 | 138.00 | 148.00 | NOTE |
Version: 1.0.0
Check: LazyData
Result: NOTE
'LazyData' is specified without a 'data' directory
Flavors: r-devel-linux-x86_64-debian-clang, r-devel-linux-x86_64-debian-gcc, r-devel-linux-x86_64-fedora-clang, r-devel-linux-x86_64-fedora-gcc, r-devel-windows-x86_64, r-patched-linux-x86_64, r-release-linux-x86_64, r-release-macos-arm64, r-release-macos-x86_64, r-release-windows-x86_64, r-oldrel-macos-arm64, r-oldrel-macos-x86_64, r-oldrel-windows-ix86+x86_64