CRAN Package Check Results for Package dynfeature

Last updated on 2021-11-26 19:52:48 CET.

Flavor Version Tinstall Tcheck Ttotal Status Flags
r-devel-linux-x86_64-debian-clang 1.0.0 11.01 312.44 323.45 OK
r-devel-linux-x86_64-debian-gcc 1.0.0 8.88 211.98 220.86 OK
r-devel-linux-x86_64-fedora-clang 1.0.0 367.87 NOTE
r-devel-linux-x86_64-fedora-gcc 1.0.0 351.73 NOTE
r-devel-windows-x86_64-new-UL 1.0.0 20.00 334.00 354.00 OK
r-devel-windows-x86_64-new-TK 1.0.0 NOTE
r-devel-windows-x86_64-old 1.0.0 15.00 301.00 316.00 OK
r-patched-linux-x86_64 1.0.0 10.79 268.36 279.15 OK
r-patched-solaris-x86 1.0.0 625.50 NOTE
r-release-linux-x86_64 1.0.0 OK
r-release-macos-arm64 1.0.0 NOTE
r-release-macos-x86_64 1.0.0 NOTE
r-release-windows-ix86+x86_64 1.0.0 26.00 277.00 303.00 OK
r-oldrel-macos-x86_64 1.0.0 NOTE
r-oldrel-windows-ix86+x86_64 1.0.0 29.00 334.00 363.00 OK

Check Details

Version: 1.0.0
Check: dependencies in R code
Result: NOTE
    Namespace in Imports field not imported from: ‘magrittr’
     All declared Imports should be used.
Flavors: r-devel-linux-x86_64-fedora-clang, r-devel-linux-x86_64-fedora-gcc, r-devel-windows-x86_64-new-TK, r-patched-solaris-x86, r-release-macos-arm64, r-release-macos-x86_64, r-oldrel-macos-x86_64