CRAN Package Check Results for Package duckdb

Last updated on 2024-05-29 06:57:00 CEST.

Flavor Version Tinstall Tcheck Ttotal Status Flags
r-devel-linux-x86_64-debian-clang 0.10.2 3527.18 97.37 3624.55 OK
r-devel-linux-x86_64-debian-gcc 0.10.2 2826.70 70.84 2897.54 WARN
r-devel-linux-x86_64-fedora-clang 0.10.2 4550.61 NOTE
r-devel-linux-x86_64-fedora-gcc 0.10.2 6593.39 WARN
r-devel-windows-x86_64 0.10.2 2584.00 364.00 2948.00 NOTE
r-patched-linux-x86_64 0.10.2 3396.36 90.51 3486.87 WARN
r-release-linux-x86_64 0.10.2 3403.84 91.23 3495.07 WARN
r-release-macos-arm64 0.10.2 1134.00 NOTE
r-release-macos-x86_64 0.10.2 899.00 NOTE
r-release-windows-x86_64 0.10.2 2673.00 351.00 3024.00 NOTE
r-oldrel-macos-arm64 0.10.2 1105.00 NOTE
r-oldrel-macos-x86_64 0.10.2 865.00 NOTE
r-oldrel-windows-x86_64 0.10.2 2717.00 440.00 3157.00 NOTE

Additional issues

gcc12

Check Details

Version: 0.10.2
Check: whether package can be installed
Result: WARN Found the following significant warnings: duckdb/third_party/re2/re2/prog.h:153:14: warning: ISO C++ prohibits anonymous structs [-Wpedantic] duckdb/third_party/re2/re2/prog.h:431:12: warning: ISO C++ prohibits anonymous structs [-Wpedantic] duckdb/third_party/re2/re2/dfa.cc:124:25: warning: ISO C++ forbids flexible array member ‘next_’ [-Wpedantic] duckdb/third_party/re2/re2/onepass.cc:146:12: warning: ISO C++ forbids flexible array member ‘action’ [-Wpedantic] See ‘/home/hornik/tmp/R.check/r-devel-gcc/Work/PKGS/duckdb.Rcheck/00install.out’ for details. * used C++ compiler: ‘g++-13 (Debian 13.2.0-25) 13.2.0’ Flavor: r-devel-linux-x86_64-debian-gcc

Version: 0.10.2
Check: installed package size
Result: NOTE installed size is 45.3Mb sub-directories of 1Mb or more: libs 44.5Mb Flavors: r-devel-linux-x86_64-fedora-clang, r-devel-windows-x86_64, r-release-macos-arm64, r-release-macos-x86_64, r-release-windows-x86_64, r-oldrel-macos-arm64, r-oldrel-macos-x86_64, r-oldrel-windows-x86_64

Version: 0.10.2
Check: whether package can be installed
Result: WARN Found the following significant warnings: /usr/local/gcc14/include/c++/14.1.0/bits/move.h:221:11: warning: '*(__vector(2) long unsigned int*)this' is used uninitialized [-Wuninitialized] /usr/local/gcc14/include/c++/14.1.0/bits/move.h:221:11: warning: '((__vector(2) long unsigned int*)this)[1]' is used uninitialized [-Wuninitialized] /usr/local/gcc14/include/c++/14.1.0/bits/move.h:221:11: warning: '((void (**)(std::__cxx11::basic_string<char, std::char_traits<char>, std::allocator<char> >))this)[2]' is used uninitialized [-Wuninitialized] /usr/local/gcc14/include/c++/14.1.0/bits/move.h:221:11: warning: '((duckdb::FileBuffer**)this)[2]' is used uninitialized [-Wuninitialized] duckdb/third_party/re2/re2/prog.h:153:14: warning: ISO C++ prohibits anonymous structs [-Wpedantic] duckdb/third_party/re2/re2/prog.h:431:12: warning: ISO C++ prohibits anonymous structs [-Wpedantic] duckdb/third_party/re2/re2/dfa.cc:124:25: warning: ISO C++ forbids flexible array member 'next_' [-Wpedantic] duckdb/third_party/re2/re2/onepass.cc:146:12: warning: ISO C++ forbids flexible array member 'action' [-Wpedantic] See ‘/data/gannet/ripley/R/packages/tests-devel/duckdb.Rcheck/00install.out’ for details. * used C++ compiler: ‘g++-14 (GCC) 14.1.0’ Flavor: r-devel-linux-x86_64-fedora-gcc

Version: 0.10.2
Check: whether package can be installed
Result: WARN Found the following significant warnings: duckdb/third_party/re2/re2/prog.h:153:14: warning: ISO C++ prohibits anonymous structs [-Wpedantic] duckdb/third_party/re2/re2/prog.h:431:12: warning: ISO C++ prohibits anonymous structs [-Wpedantic] duckdb/third_party/re2/re2/dfa.cc:124:25: warning: ISO C++ forbids flexible array member ‘next_’ [-Wpedantic] duckdb/third_party/re2/re2/onepass.cc:146:12: warning: ISO C++ forbids flexible array member ‘action’ [-Wpedantic] See ‘/home/hornik/tmp/R.check/r-patched-gcc/Work/PKGS/duckdb.Rcheck/00install.out’ for details. * used C++ compiler: ‘g++-13 (Debian 13.2.0-25) 13.2.0’ Flavor: r-patched-linux-x86_64

Version: 0.10.2
Check: whether package can be installed
Result: WARN Found the following significant warnings: duckdb/third_party/re2/re2/prog.h:153:14: warning: ISO C++ prohibits anonymous structs [-Wpedantic] duckdb/third_party/re2/re2/prog.h:431:12: warning: ISO C++ prohibits anonymous structs [-Wpedantic] duckdb/third_party/re2/re2/dfa.cc:124:25: warning: ISO C++ forbids flexible array member ‘next_’ [-Wpedantic] duckdb/third_party/re2/re2/onepass.cc:146:12: warning: ISO C++ forbids flexible array member ‘action’ [-Wpedantic] See ‘/home/hornik/tmp/R.check/r-release-gcc/Work/PKGS/duckdb.Rcheck/00install.out’ for details. * used C++ compiler: ‘g++-13 (Debian 13.2.0-25) 13.2.0’ Flavor: r-release-linux-x86_64

Version: 0.10.2
Check: package dependencies
Result: NOTE Package suggested but not available for checking: ‘arrow’ Flavor: r-release-macos-x86_64