CRAN Package Check Results for Package dub

Last updated on 2024-02-25 01:01:02 CET.

Flavor Version Tinstall Tcheck Ttotal Status Flags
r-devel-linux-x86_64-debian-clang 0.2.0 2.15 22.70 24.85 NOTE
r-devel-linux-x86_64-debian-gcc 0.2.0 1.61 17.81 19.42 NOTE
r-devel-linux-x86_64-fedora-clang 0.2.0 31.00 NOTE
r-devel-linux-x86_64-fedora-gcc 0.2.0 28.94 NOTE
r-devel-windows-x86_64 0.2.0 3.00 39.00 42.00 NOTE
r-patched-linux-x86_64 0.2.0 2.29 22.18 24.47 NOTE
r-release-linux-x86_64 0.2.0 1.74 21.97 23.71 NOTE
r-release-macos-arm64 0.2.0 16.00 NOTE
r-release-macos-x86_64 0.2.0 21.00 NOTE
r-release-windows-x86_64 0.2.0 2.00 39.00 41.00 NOTE
r-oldrel-macos-arm64 0.2.0 18.00 NOTE
r-oldrel-windows-x86_64 0.2.0 3.00 42.00 45.00 NOTE

Check Details

Version: 0.2.0
Check: LazyData
Result: NOTE 'LazyData' is specified without a 'data' directory Flavors: r-devel-linux-x86_64-debian-clang, r-devel-linux-x86_64-debian-gcc, r-devel-linux-x86_64-fedora-clang, r-devel-linux-x86_64-fedora-gcc, r-devel-windows-x86_64, r-patched-linux-x86_64, r-release-linux-x86_64, r-release-macos-arm64, r-release-macos-x86_64, r-release-windows-x86_64, r-oldrel-macos-arm64, r-oldrel-windows-x86_64