CRAN Package Check Results for Package duawranglr

Last updated on 2023-03-31 06:49:41 CEST.

Flavor Version Tinstall Tcheck Ttotal Status Flags
r-devel-linux-x86_64-debian-clang 0.6.7 2.94 35.73 38.67 OK
r-devel-linux-x86_64-debian-gcc 0.6.7 1.77 27.93 29.70 OK
r-devel-linux-x86_64-fedora-clang 0.6.7 48.65 NOTE
r-devel-linux-x86_64-fedora-gcc 0.6.7 57.68 NOTE
r-devel-windows-x86_64 0.6.7 36.00 72.00 108.00 OK
r-patched-linux-x86_64 0.6.7 2.34 34.40 36.74 OK
r-release-linux-x86_64 0.6.7 1.87 36.18 38.05 OK
r-release-macos-arm64 0.6.7 22.00 NOTE
r-release-macos-x86_64 0.6.7 31.00 NOTE
r-release-windows-x86_64 0.6.7 16.00 73.00 89.00 OK
r-oldrel-macos-arm64 0.6.7 25.00 NOTE
r-oldrel-macos-x86_64 0.6.7 32.00 NOTE
r-oldrel-windows-ix86+x86_64 0.6.7 7.00 73.00 80.00 OK

Check Details

Version: 0.6.7
Check: dependencies in R code
Result: NOTE
    Namespaces in Imports field not imported from:
     ‘digest’ ‘dplyr’
     All declared Imports should be used.
Flavors: r-devel-linux-x86_64-fedora-clang, r-devel-linux-x86_64-fedora-gcc, r-release-macos-arm64, r-release-macos-x86_64, r-oldrel-macos-arm64, r-oldrel-macos-x86_64