CRAN Package Check Results for Package duawranglr

Last updated on 2021-09-18 13:53:34 CEST.

Flavor Version Tinstall Tcheck Ttotal Status Flags
r-devel-linux-x86_64-debian-clang 0.6.7 2.89 34.33 37.22 OK
r-devel-linux-x86_64-debian-gcc 0.6.7 2.20 26.54 28.74 OK
r-devel-linux-x86_64-fedora-clang 0.6.7 53.47 NOTE
r-devel-linux-x86_64-fedora-gcc 0.6.7 43.35 NOTE
r-devel-windows-x86_64 0.6.7 4.00 57.00 61.00 OK
r-devel-windows-x86_64-gcc10-UCRT 0.6.7 NOTE
r-patched-linux-x86_64 0.6.7 3.10 33.28 36.38 OK
r-patched-solaris-x86 0.6.7 65.50 NOTE
r-release-linux-x86_64 0.6.7 2.82 33.90 36.72 OK
r-release-macos-arm64 0.6.7 NOTE
r-release-macos-x86_64 0.6.7 NOTE
r-release-windows-ix86+x86_64 0.6.7 7.00 41.00 48.00 OK
r-oldrel-macos-x86_64 0.6.7 NOTE
r-oldrel-windows-ix86+x86_64 0.6.7 7.00 56.00 63.00 OK

Check Details

Version: 0.6.7
Check: dependencies in R code
Result: NOTE
    Namespaces in Imports field not imported from:
     ‘digest’ ‘dplyr’
     All declared Imports should be used.
Flavors: r-devel-linux-x86_64-fedora-clang, r-devel-linux-x86_64-fedora-gcc, r-devel-windows-x86_64-gcc10-UCRT, r-patched-solaris-x86, r-release-macos-arm64, r-release-macos-x86_64, r-oldrel-macos-x86_64