CRAN Package Check Results for Package dtpcrm

Last updated on 2024-02-28 12:54:55 CET.

Flavor Version Tinstall Tcheck Ttotal Status Flags
r-devel-linux-x86_64-debian-clang 0.1.1 2.70 64.81 67.51 NOTE
r-devel-linux-x86_64-debian-gcc 0.1.1 2.40 47.85 50.25 NOTE
r-devel-linux-x86_64-fedora-clang 0.1.1 82.48 NOTE
r-devel-linux-x86_64-fedora-gcc 0.1.1 97.99 NOTE
r-devel-windows-x86_64 0.1.1 4.00 105.00 109.00 NOTE
r-patched-linux-x86_64 0.1.1 2.39 64.91 67.30 NOTE
r-release-linux-x86_64 0.1.1 3.21 63.29 66.50 NOTE
r-release-macos-arm64 0.1.1 37.00 NOTE
r-release-macos-x86_64 0.1.1 58.00 NOTE
r-release-windows-x86_64 0.1.1 3.00 120.00 123.00 NOTE
r-oldrel-macos-arm64 0.1.1 33.00 NOTE
r-oldrel-windows-x86_64 0.1.1 5.00 112.00 117.00 NOTE

Check Details

Version: 0.1.1
Check: Rd files
Result: NOTE checkRd: (-1) applied_crm.Rd:64: Lost braces; missing escapes or markup? 64 | The empiric model is specified as F(d, beta) = d^{exp(beta)}. The logistic model is | ^ Flavors: r-devel-linux-x86_64-debian-clang, r-devel-linux-x86_64-debian-gcc, r-devel-linux-x86_64-fedora-clang, r-devel-linux-x86_64-fedora-gcc

Version: 0.1.1
Check: LazyData
Result: NOTE 'LazyData' is specified without a 'data' directory Flavors: r-devel-linux-x86_64-debian-clang, r-devel-linux-x86_64-debian-gcc, r-devel-linux-x86_64-fedora-clang, r-devel-linux-x86_64-fedora-gcc, r-devel-windows-x86_64, r-patched-linux-x86_64, r-release-linux-x86_64, r-release-macos-arm64, r-release-macos-x86_64, r-release-windows-x86_64, r-oldrel-macos-arm64, r-oldrel-windows-x86_64