CRAN Package Check Results for Package dstat2x2xk

Last updated on 2022-10-05 00:52:39 CEST.

Flavor Version Tinstall Tcheck Ttotal Status Flags
r-devel-linux-x86_64-debian-clang 0.2.0 2.00 23.98 25.98 OK
r-devel-linux-x86_64-debian-gcc 0.2.0 1.70 18.98 20.68 OK
r-devel-linux-x86_64-fedora-clang 0.2.0 44.60 NOTE
r-devel-linux-x86_64-fedora-gcc 0.2.0 41.95 OK
r-devel-windows-x86_64 0.2.0 12.00 60.00 72.00 OK
r-patched-linux-x86_64 0.2.0 2.24 23.02 25.26 OK
r-release-linux-x86_64 0.2.0 1.67 22.93 24.60 OK
r-release-macos-arm64 0.2.0 16.00 OK
r-release-macos-x86_64 0.2.0 21.00 OK
r-release-windows-x86_64 0.2.0 4.00 52.00 56.00 OK
r-oldrel-macos-arm64 0.2.0 14.00 OK
r-oldrel-macos-x86_64 0.2.0 24.00 OK
r-oldrel-windows-ix86+x86_64 0.2.0 4.00 27.00 31.00 OK

Check Details

Version: 0.2.0
Check: Rd cross-references
Result: NOTE
    Undeclared packages ‘dstat’, ‘sensitivity2x2xk’ in Rd xrefs
Flavor: r-devel-linux-x86_64-fedora-clang