CRAN Package Check Results for Package dsmisc

Last updated on 2024-02-24 18:54:48 CET.

Flavor Version Tinstall Tcheck Ttotal Status Flags
r-devel-linux-x86_64-debian-clang 0.3.3 19.13 30.48 49.61 NOTE
r-devel-linux-x86_64-debian-gcc 0.3.3 14.44 23.97 38.41 NOTE
r-devel-linux-x86_64-fedora-clang 0.3.3 69.61 NOTE
r-devel-linux-x86_64-fedora-gcc 0.3.3 64.41 NOTE
r-devel-windows-x86_64 0.3.3 17.00 65.00 82.00 NOTE
r-patched-linux-x86_64 0.3.3 19.08 30.41 49.49 NOTE
r-release-linux-x86_64 0.3.3 21.32 29.73 51.05 NOTE
r-release-macos-arm64 0.3.3 26.00 NOTE
r-release-macos-x86_64 0.3.3 37.00 NOTE
r-release-windows-x86_64 0.3.3 21.00 70.00 91.00 NOTE
r-oldrel-macos-arm64 0.3.3 24.00 OK
r-oldrel-windows-x86_64 0.3.3 22.00 71.00 93.00 OK

Check Details

Version: 0.3.3
Check: C++ specification
Result: NOTE Specified C++11: please drop specification unless essential Flavors: r-devel-linux-x86_64-debian-clang, r-devel-linux-x86_64-debian-gcc, r-devel-linux-x86_64-fedora-clang, r-devel-linux-x86_64-fedora-gcc, r-devel-windows-x86_64, r-patched-linux-x86_64, r-release-linux-x86_64, r-release-macos-arm64, r-release-macos-x86_64, r-release-windows-x86_64