CRAN Package Check Results for Package dscore

Last updated on 2022-10-07 21:51:04 CEST.

Flavor Version Tinstall Tcheck Ttotal Status Flags
r-devel-linux-x86_64-debian-clang 1.4.0 35.64 78.13 113.77 WARN
r-devel-linux-x86_64-debian-gcc 1.4.0 28.45 59.89 88.34 OK
r-devel-linux-x86_64-fedora-clang 1.4.0 165.96 WARN
r-devel-linux-x86_64-fedora-gcc 1.4.0 156.74 OK
r-devel-windows-x86_64 1.4.0 37.00 141.00 178.00 OK
r-patched-linux-x86_64 1.4.0 30.43 74.55 104.98 OK
r-release-linux-x86_64 1.4.0 29.18 76.67 105.85 OK
r-release-macos-arm64 1.4.0 45.00 OK
r-release-macos-x86_64 1.4.0 81.00 OK
r-release-windows-x86_64 1.4.0 43.00 143.00 186.00 OK
r-oldrel-macos-arm64 1.4.0 56.00 OK
r-oldrel-macos-x86_64 1.4.0 73.00 OK
r-oldrel-windows-ix86+x86_64 1.4.0 92.00 141.00 233.00 OK

Additional issues

clang14

Check Details

Version: 1.4.0
Check: whether package can be installed
Result: WARN
    Found the following significant warnings:
     dscore.cpp:135:9: warning: use of bitwise '|' with boolean operands [-Wbitwise-instead-of-logical]
Flavors: r-devel-linux-x86_64-debian-clang, r-devel-linux-x86_64-fedora-clang