CRAN Package Check Results for Package dsa

Last updated on 2021-11-26 19:52:48 CET.

Flavor Version Tinstall Tcheck Ttotal Status Flags
r-devel-linux-x86_64-debian-clang 1.0.12 9.67 360.43 370.10 OK
r-devel-linux-x86_64-debian-gcc 1.0.12 9.14 260.75 269.89 OK
r-devel-linux-x86_64-fedora-clang 1.0.12 460.05 NOTE
r-devel-linux-x86_64-fedora-gcc 1.0.12 421.59 NOTE
r-devel-windows-x86_64-new-UL 1.0.12 23.00 462.00 485.00 OK
r-devel-windows-x86_64-new-TK 1.0.12 NOTE
r-devel-windows-x86_64-old 1.0.12 15.00 419.00 434.00 OK
r-patched-linux-x86_64 1.0.12 9.21 326.69 335.90 OK
r-patched-solaris-x86 1.0.12 200.60 NOTE
r-release-linux-x86_64 1.0.12 OK
r-release-macos-arm64 1.0.12 NOTE
r-release-macos-x86_64 1.0.12 WARN
r-release-windows-ix86+x86_64 1.0.12 20.00 348.00 368.00 OK
r-oldrel-macos-x86_64 1.0.12 WARN
r-oldrel-windows-ix86+x86_64 1.0.12 22.00 450.00 472.00 OK

Check Details

Version: 1.0.12
Check: dependencies in R code
Result: NOTE
    Namespaces in Imports field not imported from:
     ‘rJava’ ‘tools’
     All declared Imports should be used.
Flavors: r-devel-linux-x86_64-fedora-clang, r-devel-linux-x86_64-fedora-gcc, r-devel-windows-x86_64-new-TK, r-patched-solaris-x86, r-release-macos-arm64, r-release-macos-x86_64, r-oldrel-macos-x86_64

Version: 1.0.12
Check: re-building of vignette outputs
Result: WARN
    Error(s) in re-building vignettes:
     ...
    --- re-building ‘dsa-vignette.Rmd’ using rmarkdown
    Warning in engine$weave(file, quiet = quiet, encoding = enc) :
     Pandoc (>= 1.12.3) not available. Falling back to R Markdown v1.
    Quitting from lines 56-57 (dsa-vignette.Rmd)
    Error: processing vignette 'dsa-vignette.Rmd' failed with diagnostics:
    invalid 'path' argument
    --- failed re-building ‘dsa-vignette.Rmd’
    
    SUMMARY: processing the following file failed:
     ‘dsa-vignette.Rmd’
    
    Error: Vignette re-building failed.
    Execution halted
Flavors: r-release-macos-x86_64, r-oldrel-macos-x86_64