CRAN Package Check Results for Package driveR

Last updated on 2022-10-07 21:51:04 CEST.

Flavor Version Tinstall Tcheck Ttotal Status Flags
r-devel-linux-x86_64-debian-clang 0.4.0 15.60 185.04 200.64 OK
r-devel-linux-x86_64-debian-gcc 0.4.0 13.18 139.64 152.82 OK
r-devel-linux-x86_64-fedora-clang 0.4.0 259.20 NOTE
r-devel-linux-x86_64-fedora-gcc 0.4.0 258.02 OK
r-devel-windows-x86_64 0.4.0 30.00 221.00 251.00 NOTE
r-patched-linux-x86_64 0.4.0 14.67 175.94 190.61 OK
r-release-linux-x86_64 0.4.0 10.30 180.62 190.92 OK
r-release-macos-arm64 0.4.0 6.00 ERROR
r-release-macos-x86_64 0.4.0 94.00 NOTE
r-release-windows-x86_64 0.4.0 29.00 206.00 235.00 NOTE
r-oldrel-macos-arm64 0.4.0 57.00 NOTE
r-oldrel-macos-x86_64 0.4.0 97.00 NOTE
r-oldrel-windows-ix86+x86_64 0.4.0 30.00 213.00 243.00 NOTE

Check Details

Version: 0.4.0
Check: installed package size
Result: NOTE
     installed size is 5.5Mb
     sub-directories of 1Mb or more:
     data 1.7Mb
     extdata 3.2Mb
Flavors: r-devel-linux-x86_64-fedora-clang, r-devel-windows-x86_64, r-release-macos-x86_64, r-release-windows-x86_64, r-oldrel-macos-arm64, r-oldrel-macos-x86_64, r-oldrel-windows-ix86+x86_64

Version: 0.4.0
Check: package dependencies
Result: ERROR
    Package required but not available: ‘TxDb.Hsapiens.UCSC.hg38.knownGene’
    
    See section ‘The DESCRIPTION file’ in the ‘Writing R Extensions’
    manual.
Flavor: r-release-macos-arm64